{"id":4064,"date":"2022-10-02T19:36:42","date_gmt":"2022-10-02T17:36:42","guid":{"rendered":"https:\/\/pequebierzo.es\/tienda\/?post_type=product&#038;p=4064"},"modified":"2022-12-16T12:31:49","modified_gmt":"2022-12-16T11:31:49","slug":"tunel-bebe","status":"publish","type":"product","link":"https:\/\/pequebierzo.es\/tienda\/producto\/tunel-bebe\/","title":{"rendered":"T\u00fanel de beb\u00e9: un regalo especial para peques de 0 a 6 a\u00f1os"},"content":{"rendered":"\t\t<div data-elementor-type=\"product-post\" data-elementor-id=\"4064\" class=\"elementor elementor-4064\" data-elementor-post-type=\"product\">\n\t\t\t\t\t\t<section class=\"elementor-section elementor-top-section elementor-element elementor-element-7668098 elementor-section-boxed elementor-section-height-default elementor-section-height-default\" data-id=\"7668098\" data-element_type=\"section\" data-e-type=\"section\">\n\t\t\t\t\t\t<div class=\"elementor-container elementor-column-gap-default\">\n\t\t\t\t\t<div class=\"elementor-column elementor-col-100 elementor-top-column elementor-element elementor-element-3e649da\" data-id=\"3e649da\" data-element_type=\"column\" data-e-type=\"column\">\n\t\t\t<div class=\"elementor-widget-wrap elementor-element-populated\">\n\t\t\t\t\t\t<div class=\"elementor-element elementor-element-f6ebef7 elementor-widget elementor-widget-text-editor\" data-id=\"f6ebef7\" data-element_type=\"widget\" data-e-type=\"widget\" data-widget_type=\"text-editor.default\">\n\t\t\t\t<div class=\"elementor-widget-container\">\n\t\t\t\t\t\t\t\t\t<p>En este v\u00eddeo podr\u00e1s ver mejor el <strong>t\u00fanel de psicomotricidad<\/strong> y c\u00f3mo de grande es:<\/p>\t\t\t\t\t\t\t\t<\/div>\n\t\t\t\t<\/div>\n\t\t\t\t<div class=\"elementor-element elementor-element-37e5f9f elementor-widget elementor-widget-video\" data-id=\"37e5f9f\" data-element_type=\"widget\" data-e-type=\"widget\" data-settings=\"{&quot;youtube_url&quot;:&quot;https:\\\/\\\/youtu.be\\\/rvW1sDxY7qk&quot;,&quot;video_type&quot;:&quot;youtube&quot;,&quot;controls&quot;:&quot;yes&quot;}\" data-widget_type=\"video.default\">\n\t\t\t\t<div class=\"elementor-widget-container\">\n\t\t\t\t\t\t\t<div class=\"elementor-wrapper elementor-open-inline\">\n\t\t\t<div class=\"elementor-video\"><\/div>\t\t<\/div>\n\t\t\t\t\t\t<\/div>\n\t\t\t\t<\/div>\n\t\t\t\t\t<\/div>\n\t\t<\/div>\n\t\t\t\t\t<\/div>\n\t\t<\/section>\n\t\t\t\t<section class=\"elementor-section elementor-top-section elementor-element elementor-element-46be3c0 elementor-section-boxed elementor-section-height-default elementor-section-height-default\" data-id=\"46be3c0\" data-element_type=\"section\" data-e-type=\"section\">\n\t\t\t\t\t\t\t<div class=\"elementor-background-overlay\"><\/div>\n\t\t\t\t\t\t\t<div class=\"elementor-container elementor-column-gap-default\">\n\t\t\t\t\t<div class=\"elementor-column elementor-col-25 elementor-top-column elementor-element elementor-element-658aa51\" data-id=\"658aa51\" data-element_type=\"column\" data-e-type=\"column\">\n\t\t\t<div class=\"elementor-widget-wrap\">\n\t\t\t\t\t\t\t<\/div>\n\t\t<\/div>\n\t\t\t\t<div class=\"elementor-column elementor-col-25 elementor-top-column elementor-element elementor-element-401e36c\" data-id=\"401e36c\" data-element_type=\"column\" data-e-type=\"column\">\n\t\t\t<div class=\"elementor-widget-wrap elementor-element-populated\">\n\t\t\t\t\t\t<div class=\"elementor-element elementor-element-005b804 elementor-widget elementor-widget-image\" data-id=\"005b804\" data-element_type=\"widget\" data-e-type=\"widget\" data-widget_type=\"image.default\">\n\t\t\t\t<div class=\"elementor-widget-container\">\n\t\t\t\t\t\t\t\t\t\t\t\t\t\t\t<img fetchpriority=\"high\" decoding=\"async\" width=\"500\" height=\"500\" src=\"https:\/\/pequebierzo.es\/tienda\/wp-content\/uploads\/2022\/10\/tunel-de-juego.png\" class=\"attachment-large size-large wp-image-4067\" alt=\"T\u00fanel de juego\" srcset=\"https:\/\/pequebierzo.es\/tienda\/wp-content\/uploads\/2022\/10\/tunel-de-juego.png 500w, https:\/\/pequebierzo.es\/tienda\/wp-content\/uploads\/2022\/10\/tunel-de-juego-300x300.png 300w, https:\/\/pequebierzo.es\/tienda\/wp-content\/uploads\/2022\/10\/tunel-de-juego-150x150.png 150w, https:\/\/pequebierzo.es\/tienda\/wp-content\/uploads\/2022\/10\/tunel-de-juego-100x100.png 100w\" sizes=\"(max-width: 500px) 100vw, 500px\" \/>\t\t\t\t\t\t\t\t\t\t\t\t\t\t\t<\/div>\n\t\t\t\t<\/div>\n\t\t\t\t\t<\/div>\n\t\t<\/div>\n\t\t\t\t<div class=\"elementor-column elementor-col-25 elementor-top-column elementor-element elementor-element-7b13727\" data-id=\"7b13727\" data-element_type=\"column\" data-e-type=\"column\">\n\t\t\t<div class=\"elementor-widget-wrap\">\n\t\t\t\t\t\t\t<\/div>\n\t\t<\/div>\n\t\t\t\t<div class=\"elementor-column elementor-col-25 elementor-top-column elementor-element elementor-element-a7e825b\" data-id=\"a7e825b\" data-element_type=\"column\" data-e-type=\"column\">\n\t\t\t<div class=\"elementor-widget-wrap elementor-element-populated\">\n\t\t\t\t\t\t<div class=\"elementor-element elementor-element-4844552 elementor-widget elementor-widget-heading\" data-id=\"4844552\" data-element_type=\"widget\" data-e-type=\"widget\" data-widget_type=\"heading.default\">\n\t\t\t\t<div class=\"elementor-widget-container\">\n\t\t\t\t\t<h2 class=\"elementor-heading-title elementor-size-default\">\u00a1Lo quiero YA para regalar!<\/h2>\t\t\t\t<\/div>\n\t\t\t\t<\/div>\n\t\t\t\t<div class=\"elementor-element elementor-element-d489de7 e-add-to-cart--show-quantity-yes elementor-widget elementor-widget-woocommerce-product-add-to-cart\" data-id=\"d489de7\" data-element_type=\"widget\" data-e-type=\"widget\" data-widget_type=\"woocommerce-product-add-to-cart.default\">\n\t\t\t\t<div class=\"elementor-widget-container\">\n\t\t\t\t\t\n\t\t<div class=\"elementor-add-to-cart elementor-product-simple\">\n\t\t\t<p class=\"stock out-of-stock\">Sin existencias<\/p>\n\t\t<\/div>\n\n\t\t\t\t\t\t<\/div>\n\t\t\t\t<\/div>\n\t\t\t\t<div class=\"elementor-element elementor-element-ab29c86 elementor-widget elementor-widget-text-editor\" data-id=\"ab29c86\" data-element_type=\"widget\" data-e-type=\"widget\" data-widget_type=\"text-editor.default\">\n\t\t\t\t<div class=\"elementor-widget-container\">\n\t\t\t\t\t\t\t\t\t<div id=\"nta-wabutton-770\" style=\"margin: 30px 0 30px;\"><a target=\"_blank\" href=\"https:\/\/web.whatsapp.com\/send?phone=34626593172&#038;text=Tengo una duda sobre este producto (https:\/\/pequebierzo.es\/tienda\/wp-json\/wp\/v2\/product\/4064)...\" class=\"wa__button wa__r_button wa__stt_online wa__btn_w_img \"><div class=\"wa__cs_img\"><div class=\"wa__cs_img_wrap\" style=\"background: url(https:\/\/pequebierzo.es\/tienda\/wp-content\/uploads\/2021\/11\/jana-79x79-1-788x788.png) center center no-repeat; background-size: cover;\"><\/div><\/div><div class=\"wa__btn_txt\"><div class=\"wa__cs_info\"><div class=\"wa__cs_name\">Jana Soto<\/div><div class=\"wa__cs_status\">Online<\/div><\/div><div class=\"wa__btn_title\">Enviar mensaje a Jana<\/div><\/div><\/a><\/div>\t\t\t\t\t\t\t\t<\/div>\n\t\t\t\t<\/div>\n\t\t\t\t\t<\/div>\n\t\t<\/div>\n\t\t\t\t\t<\/div>\n\t\t<\/section>\n\t\t\t\t<\/div>\n\t\t","protected":false},"excerpt":{"rendered":"<p>\u00bfBuscas un <strong>regalo diferente para un peque de 0 a 6 a\u00f1os<\/strong> para su cumple o Navidad y no sabes qu\u00e9 elegir?<\/p>\n<p>Este t\u00fanel de beb\u00e9 le va a dar horas y horas de diversi\u00f3n, porque:<\/p>\n<ul>\n<li>Es <strong>distinto a otros regalos<\/strong> que le van a hacer por su cumplea\u00f1os o Navidad.<\/li>\n<li>Es <strong>s\u00faper divertido<\/strong>, sobre todo para peques que ya gatean y no paran de moverse.<\/li>\n<li>Es <strong>m\u00e1s grande de lo que parece<\/strong> y plegado ocupa muy poco.<\/li>\n<li>Es blandito por todas partes.<\/li>\n<li>Es muy <strong>f\u00e1cil de montar<\/strong>.<\/li>\n<li>Tiene unos <strong>colores muy vivos<\/strong> con animalitos del zoo que le va a atraer un mont\u00f3n.<\/li>\n<li>Le dar\u00e1 una <strong>mayor sensaci\u00f3n de seguridad<\/strong> porque los beb\u00e9s prefieren los espacios peque\u00f1itos.<\/li>\n<li>Tendr\u00e1 un <strong>lugar seguro y controlado<\/strong> para jugar.<\/li>\n<li>Podr\u00e1s llenar la casita de pelotas blanditas y tambi\u00e9n el t\u00fanel de tela.<\/li>\n<li><strong>Mejora la psicomotricidad<\/strong> porque hace que mueva, gatee, salte y juegue. Adem\u00e1s, combin\u00e1ndola con bolas de colores favorece la coordinaci\u00f3n mano-ojo del pequen\u00edn.<\/li>\n<li>Hasta podr\u00e1 <strong>relajarse y descansar en la casita<\/strong>.<\/li>\n<\/ul>\n","protected":false},"featured_media":4065,"comment_status":"open","ping_status":"closed","template":"","meta":[],"product_brand":[],"product_cat":[25],"product_tag":[],"class_list":{"0":"post-4064","1":"product","2":"type-product","3":"status-publish","4":"has-post-thumbnail","6":"product_cat-mas-vendidos","8":"first","9":"outofstock","10":"taxable","11":"shipping-taxable","12":"purchasable","13":"product-type-simple"},"yoast_head":"<!-- This site is optimized with the Yoast SEO plugin v27.0 - https:\/\/yoast.com\/product\/yoast-seo-wordpress\/ -->\n<title>llll\u27a4 T\u00fanel de beb\u00e9: regalo para peques \u3010 de 0 a 6 a\u00f1os \u3011<\/title>\n<meta name=\"description\" content=\"\u2b50 Buscas un \u3010 t\u00fanel de juego de tela \u3011 para regalar a un peque? DESCUBRE esta casa con t\u00fanel plegable para beb\u00e9s y m\u00e1s mayores \u27a4 Mira el VIDEO.\" \/>\n<meta name=\"robots\" content=\"index, follow, max-snippet:-1, max-image-preview:large, max-video-preview:-1\" \/>\n<link rel=\"canonical\" href=\"https:\/\/pequebierzo.es\/tienda\/producto\/tunel-bebe\/\" \/>\n<meta property=\"og:locale\" content=\"es_ES\" \/>\n<meta property=\"og:type\" content=\"article\" \/>\n<meta property=\"og:title\" content=\"llll\u27a4 T\u00fanel de beb\u00e9: regalo para peques \u3010 de 0 a 6 a\u00f1os \u3011\" \/>\n<meta property=\"og:description\" content=\"\u2b50 Buscas un \u3010 t\u00fanel de juego de tela \u3011 para regalar a un peque? DESCUBRE esta casa con t\u00fanel plegable para beb\u00e9s y m\u00e1s mayores \u27a4 Mira el VIDEO.\" \/>\n<meta property=\"og:url\" content=\"https:\/\/pequebierzo.es\/tienda\/producto\/tunel-bebe\/\" \/>\n<meta property=\"og:site_name\" content=\"Peque Bierzo\" \/>\n<meta property=\"article:modified_time\" content=\"2022-12-16T11:31:49+00:00\" \/>\n<meta property=\"og:image\" content=\"https:\/\/pequebierzo.es\/tienda\/wp-content\/uploads\/2022\/10\/tunel-bebe.png\" \/>\n\t<meta property=\"og:image:width\" content=\"500\" \/>\n\t<meta property=\"og:image:height\" content=\"500\" \/>\n\t<meta property=\"og:image:type\" content=\"image\/png\" \/>\n<meta name=\"twitter:card\" content=\"summary_large_image\" \/>\n<!-- \/ Yoast SEO plugin. -->","yoast_head_json":{"title":"llll\u27a4 T\u00fanel de beb\u00e9: regalo para peques \u3010 de 0 a 6 a\u00f1os \u3011","description":"\u2b50 Buscas un \u3010 t\u00fanel de juego de tela \u3011 para regalar a un peque? DESCUBRE esta casa con t\u00fanel plegable para beb\u00e9s y m\u00e1s mayores \u27a4 Mira el VIDEO.","robots":{"index":"index","follow":"follow","max-snippet":"max-snippet:-1","max-image-preview":"max-image-preview:large","max-video-preview":"max-video-preview:-1"},"canonical":"https:\/\/pequebierzo.es\/tienda\/producto\/tunel-bebe\/","og_locale":"es_ES","og_type":"article","og_title":"llll\u27a4 T\u00fanel de beb\u00e9: regalo para peques \u3010 de 0 a 6 a\u00f1os \u3011","og_description":"\u2b50 Buscas un \u3010 t\u00fanel de juego de tela \u3011 para regalar a un peque? DESCUBRE esta casa con t\u00fanel plegable para beb\u00e9s y m\u00e1s mayores \u27a4 Mira el VIDEO.","og_url":"https:\/\/pequebierzo.es\/tienda\/producto\/tunel-bebe\/","og_site_name":"Peque Bierzo","article_modified_time":"2022-12-16T11:31:49+00:00","og_image":[{"width":500,"height":500,"url":"https:\/\/pequebierzo.es\/tienda\/wp-content\/uploads\/2022\/10\/tunel-bebe.png","type":"image\/png"}],"twitter_card":"summary_large_image","schema":{"@context":"https:\/\/schema.org","@graph":[{"@type":"WebPage","@id":"https:\/\/pequebierzo.es\/tienda\/producto\/tunel-bebe\/","url":"https:\/\/pequebierzo.es\/tienda\/producto\/tunel-bebe\/","name":"llll\u27a4 T\u00fanel de beb\u00e9: regalo para peques \u3010 de 0 a 6 a\u00f1os \u3011","isPartOf":{"@id":"https:\/\/pequebierzo.es\/tienda\/#website"},"primaryImageOfPage":{"@id":"https:\/\/pequebierzo.es\/tienda\/producto\/tunel-bebe\/#primaryimage"},"image":{"@id":"https:\/\/pequebierzo.es\/tienda\/producto\/tunel-bebe\/#primaryimage"},"thumbnailUrl":"https:\/\/pequebierzo.es\/tienda\/wp-content\/uploads\/2022\/10\/tunel-bebe.png","datePublished":"2022-10-02T17:36:42+00:00","dateModified":"2022-12-16T11:31:49+00:00","description":"\u2b50 Buscas un \u3010 t\u00fanel de juego de tela \u3011 para regalar a un peque? DESCUBRE esta casa con t\u00fanel plegable para beb\u00e9s y m\u00e1s mayores \u27a4 Mira el VIDEO.","breadcrumb":{"@id":"https:\/\/pequebierzo.es\/tienda\/producto\/tunel-bebe\/#breadcrumb"},"inLanguage":"es","potentialAction":[{"@type":"ReadAction","target":["https:\/\/pequebierzo.es\/tienda\/producto\/tunel-bebe\/"]}]},{"@type":"ImageObject","inLanguage":"es","@id":"https:\/\/pequebierzo.es\/tienda\/producto\/tunel-bebe\/#primaryimage","url":"https:\/\/pequebierzo.es\/tienda\/wp-content\/uploads\/2022\/10\/tunel-bebe.png","contentUrl":"https:\/\/pequebierzo.es\/tienda\/wp-content\/uploads\/2022\/10\/tunel-bebe.png","width":500,"height":500,"caption":"T\u00fanel beb\u00e9"},{"@type":"BreadcrumbList","@id":"https:\/\/pequebierzo.es\/tienda\/producto\/tunel-bebe\/#breadcrumb","itemListElement":[{"@type":"ListItem","position":1,"name":"Portada","item":"https:\/\/pequebierzo.es\/tienda\/"},{"@type":"ListItem","position":2,"name":"T2","item":"https:\/\/pequebierzo.es\/tienda\/t2\/"},{"@type":"ListItem","position":3,"name":"T\u00fanel de beb\u00e9: un regalo especial para peques de 0 a 6 a\u00f1os"}]},{"@type":"WebSite","@id":"https:\/\/pequebierzo.es\/tienda\/#website","url":"https:\/\/pequebierzo.es\/tienda\/","name":"Peque Bierzo","description":"La agenda de ocio infantil del Bierzo","publisher":{"@id":"https:\/\/pequebierzo.es\/tienda\/#organization"},"potentialAction":[{"@type":"SearchAction","target":{"@type":"EntryPoint","urlTemplate":"https:\/\/pequebierzo.es\/tienda\/?s={search_term_string}"},"query-input":{"@type":"PropertyValueSpecification","valueRequired":true,"valueName":"search_term_string"}}],"inLanguage":"es"},{"@type":"Organization","@id":"https:\/\/pequebierzo.es\/tienda\/#organization","name":"Peque Bierzo","url":"https:\/\/pequebierzo.es\/tienda\/","logo":{"@type":"ImageObject","inLanguage":"es","@id":"https:\/\/pequebierzo.es\/tienda\/#\/schema\/logo\/image\/","url":"https:\/\/pequebierzo.es\/tienda\/wp-content\/uploads\/2021\/09\/logo-pequebierzo1.png","contentUrl":"https:\/\/pequebierzo.es\/tienda\/wp-content\/uploads\/2021\/09\/logo-pequebierzo1.png","width":200,"height":98,"caption":"Peque Bierzo"},"image":{"@id":"https:\/\/pequebierzo.es\/tienda\/#\/schema\/logo\/image\/"}}]}},"_links":{"self":[{"href":"https:\/\/pequebierzo.es\/tienda\/wp-json\/wp\/v2\/product\/4064","targetHints":{"allow":["GET"]}}],"collection":[{"href":"https:\/\/pequebierzo.es\/tienda\/wp-json\/wp\/v2\/product"}],"about":[{"href":"https:\/\/pequebierzo.es\/tienda\/wp-json\/wp\/v2\/types\/product"}],"replies":[{"embeddable":true,"href":"https:\/\/pequebierzo.es\/tienda\/wp-json\/wp\/v2\/comments?post=4064"}],"version-history":[{"count":0,"href":"https:\/\/pequebierzo.es\/tienda\/wp-json\/wp\/v2\/product\/4064\/revisions"}],"wp:featuredmedia":[{"embeddable":true,"href":"https:\/\/pequebierzo.es\/tienda\/wp-json\/wp\/v2\/media\/4065"}],"wp:attachment":[{"href":"https:\/\/pequebierzo.es\/tienda\/wp-json\/wp\/v2\/media?parent=4064"}],"wp:term":[{"taxonomy":"product_brand","embeddable":true,"href":"https:\/\/pequebierzo.es\/tienda\/wp-json\/wp\/v2\/product_brand?post=4064"},{"taxonomy":"product_cat","embeddable":true,"href":"https:\/\/pequebierzo.es\/tienda\/wp-json\/wp\/v2\/product_cat?post=4064"},{"taxonomy":"product_tag","embeddable":true,"href":"https:\/\/pequebierzo.es\/tienda\/wp-json\/wp\/v2\/product_tag?post=4064"}],"curies":[{"name":"wp","href":"https:\/\/api.w.org\/{rel}","templated":true}]}}