{"id":4599,"date":"2022-11-15T19:11:15","date_gmt":"2022-11-15T18:11:15","guid":{"rendered":"https:\/\/pequebierzo.es\/tienda\/?post_type=product&#038;p=4599"},"modified":"2022-11-23T11:43:42","modified_gmt":"2022-11-23T10:43:42","slug":"cubo-actividades-bebe-frootimals","status":"publish","type":"product","link":"https:\/\/pequebierzo.es\/tienda\/producto\/cubo-actividades-bebe-frootimals\/","title":{"rendered":"Cubo de actividades para beb\u00e9 Frootimals"},"content":{"rendered":"\t\t<div data-elementor-type=\"product-post\" data-elementor-id=\"4599\" class=\"elementor elementor-4599\" data-elementor-post-type=\"product\">\n\t\t\t\t\t\t<section class=\"elementor-section elementor-top-section elementor-element elementor-element-550dc0d elementor-section-boxed elementor-section-height-default elementor-section-height-default\" data-id=\"550dc0d\" data-element_type=\"section\" data-e-type=\"section\">\n\t\t\t\t\t\t\t<div class=\"elementor-background-overlay\"><\/div>\n\t\t\t\t\t\t\t<div class=\"elementor-container elementor-column-gap-default\">\n\t\t\t\t\t<div class=\"elementor-column elementor-col-25 elementor-top-column elementor-element elementor-element-78bf723\" data-id=\"78bf723\" data-element_type=\"column\" data-e-type=\"column\">\n\t\t\t<div class=\"elementor-widget-wrap\">\n\t\t\t\t\t\t\t<\/div>\n\t\t<\/div>\n\t\t\t\t<div class=\"elementor-column elementor-col-25 elementor-top-column elementor-element elementor-element-1733247\" data-id=\"1733247\" data-element_type=\"column\" data-e-type=\"column\">\n\t\t\t<div class=\"elementor-widget-wrap elementor-element-populated\">\n\t\t\t\t\t\t<div class=\"elementor-element elementor-element-174f56f elementor-widget elementor-widget-image\" data-id=\"174f56f\" data-element_type=\"widget\" data-e-type=\"widget\" data-widget_type=\"image.default\">\n\t\t\t\t<div class=\"elementor-widget-container\">\n\t\t\t\t\t\t\t\t\t\t\t\t\t\t\t<img fetchpriority=\"high\" decoding=\"async\" width=\"530\" height=\"662\" src=\"https:\/\/pequebierzo.es\/tienda\/wp-content\/uploads\/2022\/11\/caja-cubo-actividades-frootimals.jpg\" class=\"attachment-large size-large wp-image-4603\" alt=\"Cubo de actividades de madera para beb\u00e9 1 a\u00f1o\" srcset=\"https:\/\/pequebierzo.es\/tienda\/wp-content\/uploads\/2022\/11\/caja-cubo-actividades-frootimals.jpg 530w, https:\/\/pequebierzo.es\/tienda\/wp-content\/uploads\/2022\/11\/caja-cubo-actividades-frootimals-240x300.jpg 240w\" sizes=\"(max-width: 530px) 100vw, 530px\" \/>\t\t\t\t\t\t\t\t\t\t\t\t\t\t\t<\/div>\n\t\t\t\t<\/div>\n\t\t\t\t\t<\/div>\n\t\t<\/div>\n\t\t\t\t<div class=\"elementor-column elementor-col-25 elementor-top-column elementor-element elementor-element-49dac09\" data-id=\"49dac09\" data-element_type=\"column\" data-e-type=\"column\">\n\t\t\t<div class=\"elementor-widget-wrap\">\n\t\t\t\t\t\t\t<\/div>\n\t\t<\/div>\n\t\t\t\t<div class=\"elementor-column elementor-col-25 elementor-top-column elementor-element elementor-element-2af9aae\" data-id=\"2af9aae\" data-element_type=\"column\" data-e-type=\"column\">\n\t\t\t<div class=\"elementor-widget-wrap elementor-element-populated\">\n\t\t\t\t\t\t<div class=\"elementor-element elementor-element-d27b776 elementor-widget elementor-widget-heading\" data-id=\"d27b776\" data-element_type=\"widget\" data-e-type=\"widget\" data-widget_type=\"heading.default\">\n\t\t\t\t<div class=\"elementor-widget-container\">\n\t\t\t\t\t<h2 class=\"elementor-heading-title elementor-size-default\">\u00a1Lo quiero YA para regalar!<\/h2>\t\t\t\t<\/div>\n\t\t\t\t<\/div>\n\t\t\t\t<div class=\"elementor-element elementor-element-2df6cfa e-add-to-cart--show-quantity-yes elementor-widget elementor-widget-woocommerce-product-add-to-cart\" data-id=\"2df6cfa\" data-element_type=\"widget\" data-e-type=\"widget\" data-widget_type=\"woocommerce-product-add-to-cart.default\">\n\t\t\t\t<div class=\"elementor-widget-container\">\n\t\t\t\t\t\n\t\t<div class=\"elementor-add-to-cart elementor-product-simple\">\n\t\t\t<p class=\"stock out-of-stock\">Sin existencias<\/p>\n\t\t<\/div>\n\n\t\t\t\t\t\t<\/div>\n\t\t\t\t<\/div>\n\t\t\t\t<div class=\"elementor-element elementor-element-54aa9d5 elementor-widget elementor-widget-text-editor\" data-id=\"54aa9d5\" data-element_type=\"widget\" data-e-type=\"widget\" data-widget_type=\"text-editor.default\">\n\t\t\t\t<div class=\"elementor-widget-container\">\n\t\t\t\t\t\t\t\t\t<div id=\"nta-wabutton-770\" style=\"margin: 30px 0 30px;\"><a target=\"_blank\" href=\"https:\/\/web.whatsapp.com\/send?phone=34626593172&#038;text=Tengo una duda sobre este producto (https:\/\/pequebierzo.es\/tienda\/wp-json\/wp\/v2\/product\/4599)...\" class=\"wa__button wa__r_button wa__stt_online wa__btn_w_img \"><div class=\"wa__cs_img\"><div class=\"wa__cs_img_wrap\" style=\"background: url(https:\/\/pequebierzo.es\/tienda\/wp-content\/uploads\/2021\/11\/jana-79x79-1-788x788.png) center center no-repeat; background-size: cover;\"><\/div><\/div><div class=\"wa__btn_txt\"><div class=\"wa__cs_info\"><div class=\"wa__cs_name\">Jana Soto<\/div><div class=\"wa__cs_status\">Online<\/div><\/div><div class=\"wa__btn_title\">Enviar mensaje a Jana<\/div><\/div><\/a><\/div>\t\t\t\t\t\t\t\t<\/div>\n\t\t\t\t<\/div>\n\t\t\t\t\t<\/div>\n\t\t<\/div>\n\t\t\t\t\t<\/div>\n\t\t<\/section>\n\t\t\t\t<\/div>\n\t\t","protected":false},"excerpt":{"rendered":"<p>\u00bfEst\u00e1s buscando un regalo para un peque de 1 a\u00f1o y te ha llamado la atenci\u00f3n este <strong>cubo de actividades para beb\u00e9<\/strong>?<\/p>\n<p>Es l\u00f3gico.<\/p>\n<p>Cuando la gente lo ve, les atraen estas 3 cosas: los acabados de calidad, el colorido y -sobre todo- las figuras.<\/p>\n<p>Porque si no te hab\u00edas fijado, las figuras que aparecen son una <strong>mezcla entre frutas y animales<\/strong>: los <em>Frootimals<\/em>.<\/p>\n<p>A original no lo gana ninguno.<\/p>\n<p>Pero adem\u00e1s cuenta con 5 paneles interactivos. Lo que quiere decir que <strong>le vas a regalar 5 juegos en 1<\/strong>.<\/p>\n<p>Y lo mejor es que cada uno de ellos le ayudar\u00e1 a <strong>estimular sus habilidades motoras y de aprendizaje<\/strong>:<\/p>\n<ul>\n<li>\u00c1baco de formas: al jugar con las figuras Frootimals y con las formas de colores el beb\u00e9 <strong>estimular\u00e1 todos sus sentidos<\/strong> y habilidades motoras.<\/li>\n<li>Gira las ruedas: al encajar las asas mientras gira las ruedas de las frutas, estar\u00e1 trabajando sus <strong>habilidades motoras finas<\/strong>.<\/li>\n<li>N\u00fameros y frutas: aprender\u00e1 a <strong>relacionar los n\u00fameros con las im\u00e1genes de las frutas<\/strong>, gracias al panel con piezas giratorias.<\/li>\n<li>Encaja las piezas en sus huecos: esto le ir\u00e1 genial para estimular las <strong>habilidades motoras finas<\/strong>.<\/li>\n<li>Laberintos: este juego de piezas de colores va a estimular su <strong>coordinaci\u00f3n y su precisi\u00f3n<\/strong> con los super llamativos colores y formas.<\/li>\n<\/ul>\n<p>&nbsp;<\/p>\n<p>Si tienes que hacer un regalo a un beb\u00e9 de 1 a\u00f1o \u00a1Ni te lo pienses!<\/p>\n<p>Este complet\u00edsimo cubo de actividades de madera certificada FSC es justo lo que estabas buscando.<\/p>\n<p>A m\u00ed me gusta mucho para regalar porque:<\/p>\n<ul>\n<li>Ayuda en el <strong>desarrollo temprano<\/strong> del beb\u00e9.<\/li>\n<li>Tiene el <strong>tama\u00f1o perfecto<\/strong> para un peque de 12 meses y m\u00e1s.<\/li>\n<li>Es muy pr\u00e1ctico para guardar.<\/li>\n<li>Es colorido y los <strong>acabados muy buenos<\/strong>.<\/li>\n<li>Tiene muy <strong>buena presencia de regalo<\/strong> y la caja es preciosa<\/li>\n<li>Es un juguete <strong>s\u00faper did\u00e1ctico y entretenido<\/strong> para el peque\u00f1o.<\/li>\n<li>Mejora sus habilidades motrices y cognitivas.<\/li>\n<\/ul>\n<p>&nbsp;<\/p>\n<p><strong>C\u00f3mpralo para que pueda disfrutar de todo lo que tiene antes de que crezca (<em>que lo hacen s\u00faper r\u00e1pido<\/em>).<\/strong><\/p>\n","protected":false},"featured_media":4601,"comment_status":"open","ping_status":"closed","template":"","meta":[],"product_brand":[],"product_cat":[25],"product_tag":[],"class_list":{"0":"post-4599","1":"product","2":"type-product","3":"status-publish","4":"has-post-thumbnail","6":"product_cat-mas-vendidos","8":"first","9":"outofstock","10":"taxable","11":"shipping-taxable","12":"purchasable","13":"product-type-simple"},"yoast_head":"<!-- This site is optimized with the Yoast SEO plugin v27.0 - https:\/\/yoast.com\/product\/yoast-seo-wordpress\/ -->\n<title>\u27a4 Cubo de actividades para beb\u00e9 Frootimals - Peque Bierzo<\/title>\n<meta name=\"description\" content=\"Buscas un \u3010 cubo de actividades para regalar a un beb\u00e9 de 1 a\u00f1o \u3011 Cuando lo veas, te van a atraer 3 cosas. Pero hay m\u00e1s que lo hacen \u00fanico. Mira \u27a4\" \/>\n<meta name=\"robots\" content=\"index, follow, max-snippet:-1, max-image-preview:large, max-video-preview:-1\" \/>\n<link rel=\"canonical\" href=\"https:\/\/pequebierzo.es\/tienda\/producto\/cubo-actividades-bebe-frootimals\/\" \/>\n<meta property=\"og:locale\" content=\"es_ES\" \/>\n<meta property=\"og:type\" content=\"article\" \/>\n<meta property=\"og:title\" content=\"\u27a4 Cubo de actividades para beb\u00e9 Frootimals - Peque Bierzo\" \/>\n<meta property=\"og:description\" content=\"Buscas un \u3010 cubo de actividades para regalar a un beb\u00e9 de 1 a\u00f1o \u3011 Cuando lo veas, te van a atraer 3 cosas. Pero hay m\u00e1s que lo hacen \u00fanico. Mira \u27a4\" \/>\n<meta property=\"og:url\" content=\"https:\/\/pequebierzo.es\/tienda\/producto\/cubo-actividades-bebe-frootimals\/\" \/>\n<meta property=\"og:site_name\" content=\"Peque Bierzo\" \/>\n<meta property=\"article:modified_time\" content=\"2022-11-23T10:43:42+00:00\" \/>\n<meta property=\"og:image\" content=\"https:\/\/pequebierzo.es\/tienda\/wp-content\/uploads\/2022\/11\/cubo-actividades-bebe-frootimals.jpg\" \/>\n\t<meta property=\"og:image:width\" content=\"530\" \/>\n\t<meta property=\"og:image:height\" content=\"662\" \/>\n\t<meta property=\"og:image:type\" content=\"image\/jpeg\" \/>\n<meta name=\"twitter:card\" content=\"summary_large_image\" \/>\n<!-- \/ Yoast SEO plugin. -->","yoast_head_json":{"title":"\u27a4 Cubo de actividades para beb\u00e9 Frootimals - Peque Bierzo","description":"Buscas un \u3010 cubo de actividades para regalar a un beb\u00e9 de 1 a\u00f1o \u3011 Cuando lo veas, te van a atraer 3 cosas. Pero hay m\u00e1s que lo hacen \u00fanico. Mira \u27a4","robots":{"index":"index","follow":"follow","max-snippet":"max-snippet:-1","max-image-preview":"max-image-preview:large","max-video-preview":"max-video-preview:-1"},"canonical":"https:\/\/pequebierzo.es\/tienda\/producto\/cubo-actividades-bebe-frootimals\/","og_locale":"es_ES","og_type":"article","og_title":"\u27a4 Cubo de actividades para beb\u00e9 Frootimals - Peque Bierzo","og_description":"Buscas un \u3010 cubo de actividades para regalar a un beb\u00e9 de 1 a\u00f1o \u3011 Cuando lo veas, te van a atraer 3 cosas. Pero hay m\u00e1s que lo hacen \u00fanico. Mira \u27a4","og_url":"https:\/\/pequebierzo.es\/tienda\/producto\/cubo-actividades-bebe-frootimals\/","og_site_name":"Peque Bierzo","article_modified_time":"2022-11-23T10:43:42+00:00","og_image":[{"width":530,"height":662,"url":"https:\/\/pequebierzo.es\/tienda\/wp-content\/uploads\/2022\/11\/cubo-actividades-bebe-frootimals.jpg","type":"image\/jpeg"}],"twitter_card":"summary_large_image","schema":{"@context":"https:\/\/schema.org","@graph":[{"@type":"WebPage","@id":"https:\/\/pequebierzo.es\/tienda\/producto\/cubo-actividades-bebe-frootimals\/","url":"https:\/\/pequebierzo.es\/tienda\/producto\/cubo-actividades-bebe-frootimals\/","name":"\u27a4 Cubo de actividades para beb\u00e9 Frootimals - Peque Bierzo","isPartOf":{"@id":"https:\/\/pequebierzo.es\/tienda\/#website"},"primaryImageOfPage":{"@id":"https:\/\/pequebierzo.es\/tienda\/producto\/cubo-actividades-bebe-frootimals\/#primaryimage"},"image":{"@id":"https:\/\/pequebierzo.es\/tienda\/producto\/cubo-actividades-bebe-frootimals\/#primaryimage"},"thumbnailUrl":"https:\/\/pequebierzo.es\/tienda\/wp-content\/uploads\/2022\/11\/cubo-actividades-bebe-frootimals.jpg","datePublished":"2022-11-15T18:11:15+00:00","dateModified":"2022-11-23T10:43:42+00:00","description":"Buscas un \u3010 cubo de actividades para regalar a un beb\u00e9 de 1 a\u00f1o \u3011 Cuando lo veas, te van a atraer 3 cosas. Pero hay m\u00e1s que lo hacen \u00fanico. Mira \u27a4","breadcrumb":{"@id":"https:\/\/pequebierzo.es\/tienda\/producto\/cubo-actividades-bebe-frootimals\/#breadcrumb"},"inLanguage":"es","potentialAction":[{"@type":"ReadAction","target":["https:\/\/pequebierzo.es\/tienda\/producto\/cubo-actividades-bebe-frootimals\/"]}]},{"@type":"ImageObject","inLanguage":"es","@id":"https:\/\/pequebierzo.es\/tienda\/producto\/cubo-actividades-bebe-frootimals\/#primaryimage","url":"https:\/\/pequebierzo.es\/tienda\/wp-content\/uploads\/2022\/11\/cubo-actividades-bebe-frootimals.jpg","contentUrl":"https:\/\/pequebierzo.es\/tienda\/wp-content\/uploads\/2022\/11\/cubo-actividades-bebe-frootimals.jpg","width":530,"height":662,"caption":"Cubo actividades beb\u00e9 Frootimals"},{"@type":"BreadcrumbList","@id":"https:\/\/pequebierzo.es\/tienda\/producto\/cubo-actividades-bebe-frootimals\/#breadcrumb","itemListElement":[{"@type":"ListItem","position":1,"name":"Portada","item":"https:\/\/pequebierzo.es\/tienda\/"},{"@type":"ListItem","position":2,"name":"T2","item":"https:\/\/pequebierzo.es\/tienda\/t2\/"},{"@type":"ListItem","position":3,"name":"Cubo de actividades para beb\u00e9 Frootimals"}]},{"@type":"WebSite","@id":"https:\/\/pequebierzo.es\/tienda\/#website","url":"https:\/\/pequebierzo.es\/tienda\/","name":"Peque Bierzo","description":"La agenda de ocio infantil del Bierzo","publisher":{"@id":"https:\/\/pequebierzo.es\/tienda\/#organization"},"potentialAction":[{"@type":"SearchAction","target":{"@type":"EntryPoint","urlTemplate":"https:\/\/pequebierzo.es\/tienda\/?s={search_term_string}"},"query-input":{"@type":"PropertyValueSpecification","valueRequired":true,"valueName":"search_term_string"}}],"inLanguage":"es"},{"@type":"Organization","@id":"https:\/\/pequebierzo.es\/tienda\/#organization","name":"Peque Bierzo","url":"https:\/\/pequebierzo.es\/tienda\/","logo":{"@type":"ImageObject","inLanguage":"es","@id":"https:\/\/pequebierzo.es\/tienda\/#\/schema\/logo\/image\/","url":"https:\/\/pequebierzo.es\/tienda\/wp-content\/uploads\/2021\/09\/logo-pequebierzo1.png","contentUrl":"https:\/\/pequebierzo.es\/tienda\/wp-content\/uploads\/2021\/09\/logo-pequebierzo1.png","width":200,"height":98,"caption":"Peque Bierzo"},"image":{"@id":"https:\/\/pequebierzo.es\/tienda\/#\/schema\/logo\/image\/"}}]}},"_links":{"self":[{"href":"https:\/\/pequebierzo.es\/tienda\/wp-json\/wp\/v2\/product\/4599","targetHints":{"allow":["GET"]}}],"collection":[{"href":"https:\/\/pequebierzo.es\/tienda\/wp-json\/wp\/v2\/product"}],"about":[{"href":"https:\/\/pequebierzo.es\/tienda\/wp-json\/wp\/v2\/types\/product"}],"replies":[{"embeddable":true,"href":"https:\/\/pequebierzo.es\/tienda\/wp-json\/wp\/v2\/comments?post=4599"}],"version-history":[{"count":1,"href":"https:\/\/pequebierzo.es\/tienda\/wp-json\/wp\/v2\/product\/4599\/revisions"}],"predecessor-version":[{"id":4775,"href":"https:\/\/pequebierzo.es\/tienda\/wp-json\/wp\/v2\/product\/4599\/revisions\/4775"}],"wp:featuredmedia":[{"embeddable":true,"href":"https:\/\/pequebierzo.es\/tienda\/wp-json\/wp\/v2\/media\/4601"}],"wp:attachment":[{"href":"https:\/\/pequebierzo.es\/tienda\/wp-json\/wp\/v2\/media?parent=4599"}],"wp:term":[{"taxonomy":"product_brand","embeddable":true,"href":"https:\/\/pequebierzo.es\/tienda\/wp-json\/wp\/v2\/product_brand?post=4599"},{"taxonomy":"product_cat","embeddable":true,"href":"https:\/\/pequebierzo.es\/tienda\/wp-json\/wp\/v2\/product_cat?post=4599"},{"taxonomy":"product_tag","embeddable":true,"href":"https:\/\/pequebierzo.es\/tienda\/wp-json\/wp\/v2\/product_tag?post=4599"}],"curies":[{"name":"wp","href":"https:\/\/api.w.org\/{rel}","templated":true}]}}