{"id":6603,"date":"2023-02-27T19:10:33","date_gmt":"2023-02-27T18:10:33","guid":{"rendered":"https:\/\/pequebierzo.es\/tienda\/?post_type=product&#038;p=6603"},"modified":"2024-06-09T13:16:59","modified_gmt":"2024-06-09T11:16:59","slug":"escritorio-portatil-ninos","status":"publish","type":"product","link":"https:\/\/pequebierzo.es\/tienda\/producto\/escritorio-portatil-ninos\/","title":{"rendered":"Escritorio port\u00e1til para ni\u00f1as Nebulous Stars: un regalo precioso"},"content":{"rendered":"\t\t<div data-elementor-type=\"product-post\" data-elementor-id=\"6603\" class=\"elementor elementor-6603\" data-elementor-post-type=\"product\">\n\t\t\t\t\t\t<section class=\"elementor-section elementor-top-section elementor-element elementor-element-ccff55f elementor-section-boxed elementor-section-height-default elementor-section-height-default\" data-id=\"ccff55f\" data-element_type=\"section\" data-e-type=\"section\">\n\t\t\t\t\t\t<div class=\"elementor-container elementor-column-gap-default\">\n\t\t\t\t\t<div class=\"elementor-column elementor-col-100 elementor-top-column elementor-element elementor-element-595ec26\" data-id=\"595ec26\" data-element_type=\"column\" data-e-type=\"column\">\n\t\t\t<div class=\"elementor-widget-wrap elementor-element-populated\">\n\t\t\t\t\t\t<div class=\"elementor-element elementor-element-1827951 elementor-widget elementor-widget-text-editor\" data-id=\"1827951\" data-element_type=\"widget\" data-e-type=\"widget\" data-widget_type=\"text-editor.default\">\n\t\t\t\t<div class=\"elementor-widget-container\">\n\t\t\t\t\t\t\t\t\t<p>\u00c9chale un vistazo a este v\u00eddeo para ver mejor este escritorio port\u00e1til Nebulous Stars:<\/p>\t\t\t\t\t\t\t\t<\/div>\n\t\t\t\t<\/div>\n\t\t\t\t<div class=\"elementor-element elementor-element-99abbfb elementor-widget elementor-widget-video\" data-id=\"99abbfb\" data-element_type=\"widget\" data-e-type=\"widget\" data-settings=\"{&quot;youtube_url&quot;:&quot;https:\\\/\\\/youtu.be\\\/3gh8afiWFCs&quot;,&quot;video_type&quot;:&quot;youtube&quot;,&quot;controls&quot;:&quot;yes&quot;}\" data-widget_type=\"video.default\">\n\t\t\t\t<div class=\"elementor-widget-container\">\n\t\t\t\t\t\t\t<div class=\"elementor-wrapper elementor-open-inline\">\n\t\t\t<div class=\"elementor-video\"><\/div>\t\t<\/div>\n\t\t\t\t\t\t<\/div>\n\t\t\t\t<\/div>\n\t\t\t\t\t<\/div>\n\t\t<\/div>\n\t\t\t\t\t<\/div>\n\t\t<\/section>\n\t\t\t\t<section class=\"elementor-section elementor-top-section elementor-element elementor-element-233a8d4 elementor-section-boxed elementor-section-height-default elementor-section-height-default\" data-id=\"233a8d4\" data-element_type=\"section\" data-e-type=\"section\">\n\t\t\t\t\t\t\t<div class=\"elementor-background-overlay\"><\/div>\n\t\t\t\t\t\t\t<div class=\"elementor-container elementor-column-gap-default\">\n\t\t\t\t\t<div class=\"elementor-column elementor-col-25 elementor-top-column elementor-element elementor-element-8710db7\" data-id=\"8710db7\" data-element_type=\"column\" data-e-type=\"column\">\n\t\t\t<div class=\"elementor-widget-wrap\">\n\t\t\t\t\t\t\t<\/div>\n\t\t<\/div>\n\t\t\t\t<div class=\"elementor-column elementor-col-25 elementor-top-column elementor-element elementor-element-e716e48\" data-id=\"e716e48\" data-element_type=\"column\" data-e-type=\"column\">\n\t\t\t<div class=\"elementor-widget-wrap elementor-element-populated\">\n\t\t\t\t\t\t<div class=\"elementor-element elementor-element-5de7467 elementor-widget elementor-widget-image\" data-id=\"5de7467\" data-element_type=\"widget\" data-e-type=\"widget\" data-widget_type=\"image.default\">\n\t\t\t\t<div class=\"elementor-widget-container\">\n\t\t\t\t\t\t\t\t\t\t\t\t\t\t\t<img fetchpriority=\"high\" decoding=\"async\" width=\"800\" height=\"800\" src=\"https:\/\/pequebierzo.es\/tienda\/wp-content\/uploads\/2023\/02\/escritorio-portatil-regalo-ninas.jpg\" class=\"attachment-large size-large wp-image-6605\" alt=\"Escritorio port\u00e1til regalo para ni\u00f1as\" srcset=\"https:\/\/pequebierzo.es\/tienda\/wp-content\/uploads\/2023\/02\/escritorio-portatil-regalo-ninas.jpg 1000w, https:\/\/pequebierzo.es\/tienda\/wp-content\/uploads\/2023\/02\/escritorio-portatil-regalo-ninas-300x300.jpg 300w, https:\/\/pequebierzo.es\/tienda\/wp-content\/uploads\/2023\/02\/escritorio-portatil-regalo-ninas-150x150.jpg 150w, https:\/\/pequebierzo.es\/tienda\/wp-content\/uploads\/2023\/02\/escritorio-portatil-regalo-ninas-768x768.jpg 768w, https:\/\/pequebierzo.es\/tienda\/wp-content\/uploads\/2023\/02\/escritorio-portatil-regalo-ninas-600x600.jpg 600w, https:\/\/pequebierzo.es\/tienda\/wp-content\/uploads\/2023\/02\/escritorio-portatil-regalo-ninas-100x100.jpg 100w\" sizes=\"(max-width: 800px) 100vw, 800px\" \/>\t\t\t\t\t\t\t\t\t\t\t\t\t\t\t<\/div>\n\t\t\t\t<\/div>\n\t\t\t\t\t<\/div>\n\t\t<\/div>\n\t\t\t\t<div class=\"elementor-column elementor-col-25 elementor-top-column elementor-element elementor-element-ca259ae\" data-id=\"ca259ae\" data-element_type=\"column\" data-e-type=\"column\">\n\t\t\t<div class=\"elementor-widget-wrap\">\n\t\t\t\t\t\t\t<\/div>\n\t\t<\/div>\n\t\t\t\t<div class=\"elementor-column elementor-col-25 elementor-top-column elementor-element elementor-element-cfee9ab\" data-id=\"cfee9ab\" data-element_type=\"column\" data-e-type=\"column\">\n\t\t\t<div class=\"elementor-widget-wrap elementor-element-populated\">\n\t\t\t\t\t\t<div class=\"elementor-element elementor-element-597f98b elementor-widget elementor-widget-heading\" data-id=\"597f98b\" data-element_type=\"widget\" data-e-type=\"widget\" data-widget_type=\"heading.default\">\n\t\t\t\t<div class=\"elementor-widget-container\">\n\t\t\t\t\t<h2 class=\"elementor-heading-title elementor-size-default\">\u00a1Lo quiero YA para regalar!<\/h2>\t\t\t\t<\/div>\n\t\t\t\t<\/div>\n\t\t\t\t<div class=\"elementor-element elementor-element-ac27787 e-add-to-cart--show-quantity-yes elementor-widget elementor-widget-woocommerce-product-add-to-cart\" data-id=\"ac27787\" data-element_type=\"widget\" data-e-type=\"widget\" data-widget_type=\"woocommerce-product-add-to-cart.default\">\n\t\t\t\t<div class=\"elementor-widget-container\">\n\t\t\t\t\t\n\t\t<div class=\"elementor-add-to-cart elementor-product-simple\">\n\t\t\t<p class=\"stock out-of-stock\">Sin existencias<\/p>\n\t\t<\/div>\n\n\t\t\t\t\t\t<\/div>\n\t\t\t\t<\/div>\n\t\t\t\t<div class=\"elementor-element elementor-element-b1b98c8 elementor-widget elementor-widget-text-editor\" data-id=\"b1b98c8\" data-element_type=\"widget\" data-e-type=\"widget\" data-widget_type=\"text-editor.default\">\n\t\t\t\t<div class=\"elementor-widget-container\">\n\t\t\t\t\t\t\t\t\t<div id=\"nta-wabutton-770\" style=\"margin: 30px 0 30px;\"><a target=\"_blank\" href=\"https:\/\/web.whatsapp.com\/send?phone=34626593172&#038;text=Tengo una duda sobre este producto (https:\/\/pequebierzo.es\/tienda\/wp-json\/wp\/v2\/product\/6603)...\" class=\"wa__button wa__r_button wa__stt_online wa__btn_w_img \"><div class=\"wa__cs_img\"><div class=\"wa__cs_img_wrap\" style=\"background: url(https:\/\/pequebierzo.es\/tienda\/wp-content\/uploads\/2021\/11\/jana-79x79-1-788x788.png) center center no-repeat; background-size: cover;\"><\/div><\/div><div class=\"wa__btn_txt\"><div class=\"wa__cs_info\"><div class=\"wa__cs_name\">Jana Soto<\/div><div class=\"wa__cs_status\">Online<\/div><\/div><div class=\"wa__btn_title\">Enviar mensaje a Jana<\/div><\/div><\/a><\/div>\t\t\t\t\t\t\t\t<\/div>\n\t\t\t\t<\/div>\n\t\t\t\t\t<\/div>\n\t\t<\/div>\n\t\t\t\t\t<\/div>\n\t\t<\/section>\n\t\t\t\t<\/div>\n\t\t","protected":false},"excerpt":{"rendered":"<p>Tienes que hacer un <strong>regalo a una ni\u00f1a<\/strong> y no sabes qu\u00e9 le puede gustar.<\/p>\n<p>Mira.<\/p>\n<p>Los ni\u00f1os hoy en d\u00eda tienen un mont\u00f3n de cosas, juegos, juguetes, complementos, ropa, etc.<\/p>\n<p>Y es muy <strong>complicado encontrar un detalle original<\/strong>, que no les canse a los dos d\u00edas y que utilicen muuuucho tiempo.<\/p>\n<p>Bien.<\/p>\n<p>Este escritorio port\u00e1til es una pasada porque:<\/p>\n<ul>\n<li>Es <strong>original<\/strong> (de eso no hay duda) y tiene una <strong>presencia incre\u00edble como regalo<\/strong>.<\/li>\n<li>Lo podr\u00e1 utilizar para <strong>pintar, escribir o ver la tablet en la cama<\/strong>, en el sof\u00e1 o en el coche mientras viaja.<\/li>\n<li>Sirve tambi\u00e9n como <strong>bandeja para comer en la cama<\/strong> cuando est\u00e1 malita o porque le apetece.<\/li>\n<li><strong>El dise\u00f1o y los colores son preciosos<\/strong> (en foto se ve bonito, pero en real mucho m\u00e1s).<\/li>\n<\/ul>\n<p><span style=\"color: #ffffff;\">.<\/span><\/p>\n<p>Es un regalo que no se espera ni que ha pedido, pero que al verlo le va a enamorar con total seguridad.<\/p>\n<p>&nbsp;<\/p>\n<p><em><strong>C\u00f3mpralo AHORA y reg\u00e1laselo por su cumple, Comuni\u00f3n o Navidad<\/strong><\/em>.<\/p>\n<p>\u00a1Triunfar\u00e1s seguro!<\/p>\n","protected":false},"featured_media":6604,"comment_status":"open","ping_status":"closed","template":"","meta":[],"product_brand":[],"product_cat":[25],"product_tag":[],"class_list":{"0":"post-6603","1":"product","2":"type-product","3":"status-publish","4":"has-post-thumbnail","6":"product_cat-mas-vendidos","8":"first","9":"outofstock","10":"taxable","11":"shipping-taxable","12":"purchasable","13":"product-type-simple"},"yoast_head":"<!-- This site is optimized with the Yoast SEO plugin v27.0 - https:\/\/yoast.com\/product\/yoast-seo-wordpress\/ -->\n<title>\u27a4 Escritorio port\u00e1til para ni\u00f1as Nebulous Stars: un regalo precioso<\/title>\n<meta name=\"description\" content=\"\u00bfBuscas un regalo para una ni\u00f1a y no sabes qu\u00e9 le puede gustar? Mira este \u3010 escritorio port\u00e1til para ni\u00f1as \u3011 precioso, \u00fatil y muy original.\" \/>\n<meta name=\"robots\" content=\"index, follow, max-snippet:-1, max-image-preview:large, max-video-preview:-1\" \/>\n<link rel=\"canonical\" href=\"https:\/\/pequebierzo.es\/tienda\/producto\/escritorio-portatil-ninos\/\" \/>\n<meta property=\"og:locale\" content=\"es_ES\" \/>\n<meta property=\"og:type\" content=\"article\" \/>\n<meta property=\"og:title\" content=\"\u27a4 Escritorio port\u00e1til para ni\u00f1as Nebulous Stars: un regalo precioso\" \/>\n<meta property=\"og:description\" content=\"\u00bfBuscas un regalo para una ni\u00f1a y no sabes qu\u00e9 le puede gustar? Mira este \u3010 escritorio port\u00e1til para ni\u00f1as \u3011 precioso, \u00fatil y muy original.\" \/>\n<meta property=\"og:url\" content=\"https:\/\/pequebierzo.es\/tienda\/producto\/escritorio-portatil-ninos\/\" \/>\n<meta property=\"og:site_name\" content=\"Peque Bierzo\" \/>\n<meta property=\"article:modified_time\" content=\"2024-06-09T11:16:59+00:00\" \/>\n<meta property=\"og:image\" content=\"https:\/\/pequebierzo.es\/tienda\/wp-content\/uploads\/2023\/02\/escritorio-portatil-nebulous-stars.jpg\" \/>\n\t<meta property=\"og:image:width\" content=\"1000\" \/>\n\t<meta property=\"og:image:height\" content=\"1000\" \/>\n\t<meta property=\"og:image:type\" content=\"image\/jpeg\" \/>\n<meta name=\"twitter:card\" content=\"summary_large_image\" \/>\n<!-- \/ Yoast SEO plugin. -->","yoast_head_json":{"title":"\u27a4 Escritorio port\u00e1til para ni\u00f1as Nebulous Stars: un regalo precioso","description":"\u00bfBuscas un regalo para una ni\u00f1a y no sabes qu\u00e9 le puede gustar? Mira este \u3010 escritorio port\u00e1til para ni\u00f1as \u3011 precioso, \u00fatil y muy original.","robots":{"index":"index","follow":"follow","max-snippet":"max-snippet:-1","max-image-preview":"max-image-preview:large","max-video-preview":"max-video-preview:-1"},"canonical":"https:\/\/pequebierzo.es\/tienda\/producto\/escritorio-portatil-ninos\/","og_locale":"es_ES","og_type":"article","og_title":"\u27a4 Escritorio port\u00e1til para ni\u00f1as Nebulous Stars: un regalo precioso","og_description":"\u00bfBuscas un regalo para una ni\u00f1a y no sabes qu\u00e9 le puede gustar? Mira este \u3010 escritorio port\u00e1til para ni\u00f1as \u3011 precioso, \u00fatil y muy original.","og_url":"https:\/\/pequebierzo.es\/tienda\/producto\/escritorio-portatil-ninos\/","og_site_name":"Peque Bierzo","article_modified_time":"2024-06-09T11:16:59+00:00","og_image":[{"width":1000,"height":1000,"url":"https:\/\/pequebierzo.es\/tienda\/wp-content\/uploads\/2023\/02\/escritorio-portatil-nebulous-stars.jpg","type":"image\/jpeg"}],"twitter_card":"summary_large_image","schema":{"@context":"https:\/\/schema.org","@graph":[{"@type":"WebPage","@id":"https:\/\/pequebierzo.es\/tienda\/producto\/escritorio-portatil-ninos\/","url":"https:\/\/pequebierzo.es\/tienda\/producto\/escritorio-portatil-ninos\/","name":"\u27a4 Escritorio port\u00e1til para ni\u00f1as Nebulous Stars: un regalo precioso","isPartOf":{"@id":"https:\/\/pequebierzo.es\/tienda\/#website"},"primaryImageOfPage":{"@id":"https:\/\/pequebierzo.es\/tienda\/producto\/escritorio-portatil-ninos\/#primaryimage"},"image":{"@id":"https:\/\/pequebierzo.es\/tienda\/producto\/escritorio-portatil-ninos\/#primaryimage"},"thumbnailUrl":"https:\/\/pequebierzo.es\/tienda\/wp-content\/uploads\/2023\/02\/escritorio-portatil-nebulous-stars.jpg","datePublished":"2023-02-27T18:10:33+00:00","dateModified":"2024-06-09T11:16:59+00:00","description":"\u00bfBuscas un regalo para una ni\u00f1a y no sabes qu\u00e9 le puede gustar? Mira este \u3010 escritorio port\u00e1til para ni\u00f1as \u3011 precioso, \u00fatil y muy original.","breadcrumb":{"@id":"https:\/\/pequebierzo.es\/tienda\/producto\/escritorio-portatil-ninos\/#breadcrumb"},"inLanguage":"es","potentialAction":[{"@type":"ReadAction","target":["https:\/\/pequebierzo.es\/tienda\/producto\/escritorio-portatil-ninos\/"]}]},{"@type":"ImageObject","inLanguage":"es","@id":"https:\/\/pequebierzo.es\/tienda\/producto\/escritorio-portatil-ninos\/#primaryimage","url":"https:\/\/pequebierzo.es\/tienda\/wp-content\/uploads\/2023\/02\/escritorio-portatil-nebulous-stars.jpg","contentUrl":"https:\/\/pequebierzo.es\/tienda\/wp-content\/uploads\/2023\/02\/escritorio-portatil-nebulous-stars.jpg","width":1000,"height":1000,"caption":"Escritorio port\u00e1til Nebulous Stars"},{"@type":"BreadcrumbList","@id":"https:\/\/pequebierzo.es\/tienda\/producto\/escritorio-portatil-ninos\/#breadcrumb","itemListElement":[{"@type":"ListItem","position":1,"name":"Portada","item":"https:\/\/pequebierzo.es\/tienda\/"},{"@type":"ListItem","position":2,"name":"T2","item":"https:\/\/pequebierzo.es\/tienda\/t2\/"},{"@type":"ListItem","position":3,"name":"Escritorio port\u00e1til para ni\u00f1as Nebulous Stars: un regalo precioso"}]},{"@type":"WebSite","@id":"https:\/\/pequebierzo.es\/tienda\/#website","url":"https:\/\/pequebierzo.es\/tienda\/","name":"Peque Bierzo","description":"La agenda de ocio infantil del Bierzo","publisher":{"@id":"https:\/\/pequebierzo.es\/tienda\/#organization"},"potentialAction":[{"@type":"SearchAction","target":{"@type":"EntryPoint","urlTemplate":"https:\/\/pequebierzo.es\/tienda\/?s={search_term_string}"},"query-input":{"@type":"PropertyValueSpecification","valueRequired":true,"valueName":"search_term_string"}}],"inLanguage":"es"},{"@type":"Organization","@id":"https:\/\/pequebierzo.es\/tienda\/#organization","name":"Peque Bierzo","url":"https:\/\/pequebierzo.es\/tienda\/","logo":{"@type":"ImageObject","inLanguage":"es","@id":"https:\/\/pequebierzo.es\/tienda\/#\/schema\/logo\/image\/","url":"https:\/\/pequebierzo.es\/tienda\/wp-content\/uploads\/2021\/09\/logo-pequebierzo1.png","contentUrl":"https:\/\/pequebierzo.es\/tienda\/wp-content\/uploads\/2021\/09\/logo-pequebierzo1.png","width":200,"height":98,"caption":"Peque Bierzo"},"image":{"@id":"https:\/\/pequebierzo.es\/tienda\/#\/schema\/logo\/image\/"}}]}},"_links":{"self":[{"href":"https:\/\/pequebierzo.es\/tienda\/wp-json\/wp\/v2\/product\/6603","targetHints":{"allow":["GET"]}}],"collection":[{"href":"https:\/\/pequebierzo.es\/tienda\/wp-json\/wp\/v2\/product"}],"about":[{"href":"https:\/\/pequebierzo.es\/tienda\/wp-json\/wp\/v2\/types\/product"}],"replies":[{"embeddable":true,"href":"https:\/\/pequebierzo.es\/tienda\/wp-json\/wp\/v2\/comments?post=6603"}],"version-history":[{"count":10,"href":"https:\/\/pequebierzo.es\/tienda\/wp-json\/wp\/v2\/product\/6603\/revisions"}],"predecessor-version":[{"id":6959,"href":"https:\/\/pequebierzo.es\/tienda\/wp-json\/wp\/v2\/product\/6603\/revisions\/6959"}],"wp:featuredmedia":[{"embeddable":true,"href":"https:\/\/pequebierzo.es\/tienda\/wp-json\/wp\/v2\/media\/6604"}],"wp:attachment":[{"href":"https:\/\/pequebierzo.es\/tienda\/wp-json\/wp\/v2\/media?parent=6603"}],"wp:term":[{"taxonomy":"product_brand","embeddable":true,"href":"https:\/\/pequebierzo.es\/tienda\/wp-json\/wp\/v2\/product_brand?post=6603"},{"taxonomy":"product_cat","embeddable":true,"href":"https:\/\/pequebierzo.es\/tienda\/wp-json\/wp\/v2\/product_cat?post=6603"},{"taxonomy":"product_tag","embeddable":true,"href":"https:\/\/pequebierzo.es\/tienda\/wp-json\/wp\/v2\/product_tag?post=6603"}],"curies":[{"name":"wp","href":"https:\/\/api.w.org\/{rel}","templated":true}]}}