{"id":7089,"date":"2023-04-22T19:10:59","date_gmt":"2023-04-22T17:10:59","guid":{"rendered":"https:\/\/pequebierzo.es\/tienda\/?post_type=product&#038;p=7089"},"modified":"2025-08-18T16:18:43","modified_gmt":"2025-08-18T14:18:43","slug":"reloj-correa-tela-agatha-ruiz-prada","status":"publish","type":"product","link":"https:\/\/pequebierzo.es\/tienda\/producto\/reloj-correa-tela-agatha-ruiz-prada\/","title":{"rendered":"Reloj con correa de tela de Agatha Ruiz de la Prada con cartera para guardarlo"},"content":{"rendered":"","protected":false},"excerpt":{"rendered":"<p>\u00bfBuscas un <strong>reloj chulo para regalar a una ni\u00f1a<\/strong> por su cumplea\u00f1os o Comuni\u00f3n y no sabes cu\u00e1l elegir?<\/p>\n<p>Has mirado en Amazon o en otras tiendas y <strong>hay tantas opciones de relojes<\/strong> para ni\u00f1a que te pierdes.<\/p>\n<p>Y t\u00fa lo \u00fanico que necesitas es encontrar un reloj bonito, que le encante a la peque en cuanto lo vea y <strong>que te recuerde siempre que lo lleve puesto<\/strong>.<\/p>\n<p>Pues ver\u00e1s.<\/p>\n<p>Con este reloj de la marca <em>Agatha Ruiz de la Prada<\/em> vas a acertar seguro.<\/p>\n<p>Por estos motivos:<\/p>\n<ul>\n<li>Tiene unos <strong>colores preciosos<\/strong> con corazones en la esfera que te aseguro le llamar\u00e1n mucho la atenci\u00f3n.<\/li>\n<li>La <strong>correa de tela<\/strong> es diferente a otros relojes que haya visto.<\/li>\n<li>Como <strong>presencia de regalo est\u00e1 genial<\/strong>, porque incluye una <strong>cartera con cremallera<\/strong> para guardar el reloj o para usarla de monedero.<\/li>\n<li>Le servir\u00e1 tanto <strong>para el d\u00eda a d\u00eda<\/strong> como <strong>para vestir<\/strong> un d\u00eda especial.<\/li>\n<li>No importa si tiene otros relojes, porque <strong>podr\u00e1 combinarlos<\/strong> seg\u00fan el d\u00eda.<\/li>\n<li>De hecho, no dudar\u00e1 en <strong>pon\u00e9rselo en su mu\u00f1eca cuando se lo regales<\/strong>.<\/li>\n<\/ul>\n<p>&nbsp;<\/p>\n<p>Ya tienes la soluci\u00f3n.<\/p>\n<p>Ahora solo tienes que comprarlo en tan solo 3 pasos:<\/p>\n<ol>\n<li>A\u00f1\u00e1delo al carrito<\/li>\n<li>Escribe tus datos y haz el pago<\/li>\n<li>Rec\u00edbelo en 24-48 horas laborables de lunes a viernes<\/li>\n<\/ol>\n","protected":false},"featured_media":7090,"comment_status":"open","ping_status":"closed","template":"","meta":[],"product_brand":[],"product_cat":[25],"product_tag":[],"class_list":{"0":"post-7089","1":"product","2":"type-product","3":"status-publish","4":"has-post-thumbnail","6":"product_cat-mas-vendidos","8":"first","9":"outofstock","10":"taxable","11":"shipping-taxable","12":"purchasable","13":"product-type-simple"},"yoast_head":"<!-- This site is optimized with the Yoast SEO plugin v27.0 - https:\/\/yoast.com\/product\/yoast-seo-wordpress\/ -->\n<title>\u27a4 Reloj con correa de tela de \u3010 Agatha Ruiz de la Prada \u3011<\/title>\n<meta name=\"description\" content=\"\u00bfBuscas un reloj chulo para regalar a una ni\u00f1a por su cumplea\u00f1os o Comuni\u00f3n y no sabes cu\u00e1l elegir? Deja de dar vueltas. Aqu\u00ed lo tienes. Env\u00edo 48h\" \/>\n<meta name=\"robots\" content=\"index, follow, max-snippet:-1, max-image-preview:large, max-video-preview:-1\" \/>\n<link rel=\"canonical\" href=\"https:\/\/pequebierzo.es\/tienda\/producto\/reloj-correa-tela-agatha-ruiz-prada\/\" \/>\n<meta property=\"og:locale\" content=\"es_ES\" \/>\n<meta property=\"og:type\" content=\"article\" \/>\n<meta property=\"og:title\" content=\"\u27a4 Reloj con correa de tela de \u3010 Agatha Ruiz de la Prada \u3011\" \/>\n<meta property=\"og:description\" content=\"\u00bfBuscas un reloj chulo para regalar a una ni\u00f1a por su cumplea\u00f1os o Comuni\u00f3n y no sabes cu\u00e1l elegir? Deja de dar vueltas. Aqu\u00ed lo tienes. Env\u00edo 48h\" \/>\n<meta property=\"og:url\" content=\"https:\/\/pequebierzo.es\/tienda\/producto\/reloj-correa-tela-agatha-ruiz-prada\/\" \/>\n<meta property=\"og:site_name\" content=\"Peque Bierzo\" \/>\n<meta property=\"article:modified_time\" content=\"2025-08-18T14:18:43+00:00\" \/>\n<meta property=\"og:image\" content=\"https:\/\/pequebierzo.es\/tienda\/wp-content\/uploads\/2023\/04\/reloj-tela-corazon-agatha-ruiz-prada.jpg\" \/>\n\t<meta property=\"og:image:width\" content=\"1000\" \/>\n\t<meta property=\"og:image:height\" content=\"1000\" \/>\n\t<meta property=\"og:image:type\" content=\"image\/jpeg\" \/>\n<meta name=\"twitter:card\" content=\"summary_large_image\" \/>\n<!-- \/ Yoast SEO plugin. -->","yoast_head_json":{"title":"\u27a4 Reloj con correa de tela de \u3010 Agatha Ruiz de la Prada \u3011","description":"\u00bfBuscas un reloj chulo para regalar a una ni\u00f1a por su cumplea\u00f1os o Comuni\u00f3n y no sabes cu\u00e1l elegir? Deja de dar vueltas. Aqu\u00ed lo tienes. Env\u00edo 48h","robots":{"index":"index","follow":"follow","max-snippet":"max-snippet:-1","max-image-preview":"max-image-preview:large","max-video-preview":"max-video-preview:-1"},"canonical":"https:\/\/pequebierzo.es\/tienda\/producto\/reloj-correa-tela-agatha-ruiz-prada\/","og_locale":"es_ES","og_type":"article","og_title":"\u27a4 Reloj con correa de tela de \u3010 Agatha Ruiz de la Prada \u3011","og_description":"\u00bfBuscas un reloj chulo para regalar a una ni\u00f1a por su cumplea\u00f1os o Comuni\u00f3n y no sabes cu\u00e1l elegir? Deja de dar vueltas. Aqu\u00ed lo tienes. Env\u00edo 48h","og_url":"https:\/\/pequebierzo.es\/tienda\/producto\/reloj-correa-tela-agatha-ruiz-prada\/","og_site_name":"Peque Bierzo","article_modified_time":"2025-08-18T14:18:43+00:00","og_image":[{"width":1000,"height":1000,"url":"https:\/\/pequebierzo.es\/tienda\/wp-content\/uploads\/2023\/04\/reloj-tela-corazon-agatha-ruiz-prada.jpg","type":"image\/jpeg"}],"twitter_card":"summary_large_image","schema":{"@context":"https:\/\/schema.org","@graph":[{"@type":"WebPage","@id":"https:\/\/pequebierzo.es\/tienda\/producto\/reloj-correa-tela-agatha-ruiz-prada\/","url":"https:\/\/pequebierzo.es\/tienda\/producto\/reloj-correa-tela-agatha-ruiz-prada\/","name":"\u27a4 Reloj con correa de tela de \u3010 Agatha Ruiz de la Prada \u3011","isPartOf":{"@id":"https:\/\/pequebierzo.es\/tienda\/#website"},"primaryImageOfPage":{"@id":"https:\/\/pequebierzo.es\/tienda\/producto\/reloj-correa-tela-agatha-ruiz-prada\/#primaryimage"},"image":{"@id":"https:\/\/pequebierzo.es\/tienda\/producto\/reloj-correa-tela-agatha-ruiz-prada\/#primaryimage"},"thumbnailUrl":"https:\/\/pequebierzo.es\/tienda\/wp-content\/uploads\/2023\/04\/reloj-tela-corazon-agatha-ruiz-prada.jpg","datePublished":"2023-04-22T17:10:59+00:00","dateModified":"2025-08-18T14:18:43+00:00","description":"\u00bfBuscas un reloj chulo para regalar a una ni\u00f1a por su cumplea\u00f1os o Comuni\u00f3n y no sabes cu\u00e1l elegir? Deja de dar vueltas. Aqu\u00ed lo tienes. Env\u00edo 48h","breadcrumb":{"@id":"https:\/\/pequebierzo.es\/tienda\/producto\/reloj-correa-tela-agatha-ruiz-prada\/#breadcrumb"},"inLanguage":"es","potentialAction":[{"@type":"ReadAction","target":["https:\/\/pequebierzo.es\/tienda\/producto\/reloj-correa-tela-agatha-ruiz-prada\/"]}]},{"@type":"ImageObject","inLanguage":"es","@id":"https:\/\/pequebierzo.es\/tienda\/producto\/reloj-correa-tela-agatha-ruiz-prada\/#primaryimage","url":"https:\/\/pequebierzo.es\/tienda\/wp-content\/uploads\/2023\/04\/reloj-tela-corazon-agatha-ruiz-prada.jpg","contentUrl":"https:\/\/pequebierzo.es\/tienda\/wp-content\/uploads\/2023\/04\/reloj-tela-corazon-agatha-ruiz-prada.jpg","width":1000,"height":1000,"caption":"Reloj de tela con corazones de Agatha Ruiz de la Prada"},{"@type":"BreadcrumbList","@id":"https:\/\/pequebierzo.es\/tienda\/producto\/reloj-correa-tela-agatha-ruiz-prada\/#breadcrumb","itemListElement":[{"@type":"ListItem","position":1,"name":"Portada","item":"https:\/\/pequebierzo.es\/tienda\/"},{"@type":"ListItem","position":2,"name":"T2","item":"https:\/\/pequebierzo.es\/tienda\/t2\/"},{"@type":"ListItem","position":3,"name":"Reloj con correa de tela de Agatha Ruiz de la Prada con cartera para guardarlo"}]},{"@type":"WebSite","@id":"https:\/\/pequebierzo.es\/tienda\/#website","url":"https:\/\/pequebierzo.es\/tienda\/","name":"Peque Bierzo","description":"La agenda de ocio infantil del Bierzo","publisher":{"@id":"https:\/\/pequebierzo.es\/tienda\/#organization"},"potentialAction":[{"@type":"SearchAction","target":{"@type":"EntryPoint","urlTemplate":"https:\/\/pequebierzo.es\/tienda\/?s={search_term_string}"},"query-input":{"@type":"PropertyValueSpecification","valueRequired":true,"valueName":"search_term_string"}}],"inLanguage":"es"},{"@type":"Organization","@id":"https:\/\/pequebierzo.es\/tienda\/#organization","name":"Peque Bierzo","url":"https:\/\/pequebierzo.es\/tienda\/","logo":{"@type":"ImageObject","inLanguage":"es","@id":"https:\/\/pequebierzo.es\/tienda\/#\/schema\/logo\/image\/","url":"https:\/\/pequebierzo.es\/tienda\/wp-content\/uploads\/2021\/09\/logo-pequebierzo1.png","contentUrl":"https:\/\/pequebierzo.es\/tienda\/wp-content\/uploads\/2021\/09\/logo-pequebierzo1.png","width":200,"height":98,"caption":"Peque Bierzo"},"image":{"@id":"https:\/\/pequebierzo.es\/tienda\/#\/schema\/logo\/image\/"}}]}},"_links":{"self":[{"href":"https:\/\/pequebierzo.es\/tienda\/wp-json\/wp\/v2\/product\/7089","targetHints":{"allow":["GET"]}}],"collection":[{"href":"https:\/\/pequebierzo.es\/tienda\/wp-json\/wp\/v2\/product"}],"about":[{"href":"https:\/\/pequebierzo.es\/tienda\/wp-json\/wp\/v2\/types\/product"}],"replies":[{"embeddable":true,"href":"https:\/\/pequebierzo.es\/tienda\/wp-json\/wp\/v2\/comments?post=7089"}],"version-history":[{"count":2,"href":"https:\/\/pequebierzo.es\/tienda\/wp-json\/wp\/v2\/product\/7089\/revisions"}],"predecessor-version":[{"id":7093,"href":"https:\/\/pequebierzo.es\/tienda\/wp-json\/wp\/v2\/product\/7089\/revisions\/7093"}],"wp:featuredmedia":[{"embeddable":true,"href":"https:\/\/pequebierzo.es\/tienda\/wp-json\/wp\/v2\/media\/7090"}],"wp:attachment":[{"href":"https:\/\/pequebierzo.es\/tienda\/wp-json\/wp\/v2\/media?parent=7089"}],"wp:term":[{"taxonomy":"product_brand","embeddable":true,"href":"https:\/\/pequebierzo.es\/tienda\/wp-json\/wp\/v2\/product_brand?post=7089"},{"taxonomy":"product_cat","embeddable":true,"href":"https:\/\/pequebierzo.es\/tienda\/wp-json\/wp\/v2\/product_cat?post=7089"},{"taxonomy":"product_tag","embeddable":true,"href":"https:\/\/pequebierzo.es\/tienda\/wp-json\/wp\/v2\/product_tag?post=7089"}],"curies":[{"name":"wp","href":"https:\/\/api.w.org\/{rel}","templated":true}]}}

<p>¿Buscas un <strong>reloj chulo para regalar a una niña</strong> por su cumpleaños o Comunión y no sabes cuál elegir?</p>
<p>Has mirado en Amazon o en otras tiendas y <strong>hay tantas opciones de relojes</strong> para niña que te pierdes.</p>
<p>Y tú lo único que necesitas es encontrar un reloj bonito, que le encante a la peque en cuanto lo vea y <strong>que te recuerde siempre que lo lleve puesto</strong>.</p>
<p>Pues verás.</p>
<p>Con este reloj de la marca <em>Agatha Ruiz de la Prada</em> vas a acertar seguro.</p>
<p>Por estos motivos:</p>
<ul>
<li>Tiene unos <strong>colores preciosos</strong> con corazones en la esfera que te aseguro le llamarán mucho la atención.</li>
<li>La <strong>correa de tela</strong> es diferente a otros relojes que haya visto.</li>
<li>Como <strong>presencia de regalo está genial</strong>, porque incluye una <strong>cartera con cremallera</strong> para guardar el reloj o para usarla de monedero.</li>
<li>Le servirá tanto <strong>para el día a día</strong> como <strong>para vestir</strong> un día especial.</li>
<li>No importa si tiene otros relojes, porque <strong>podrá combinarlos</strong> según el día.</li>
<li>De hecho, no dudará en <strong>ponérselo en su muñeca cuando se lo regales</strong>.</li>
</ul>
<p>&nbsp;</p>
<p>Ya tienes la solución.</p>
<p>Ahora solo tienes que comprarlo en tan solo 3 pasos:</p>
<ol>
<li>Añádelo al carrito</li>
<li>Escribe tus datos y haz el pago</li>
<li>Recíbelo en 24-48 horas laborables de lunes a viernes</li>
</ol>

<!-- This site is optimized with the Yoast SEO plugin v27.0 - https://yoast.com/product/yoast-seo-wordpress/ -->
<title>➤ Reloj con correa de tela de 【 Agatha Ruiz de la Prada 】</title>
<meta name="description" content="¿Buscas un reloj chulo para regalar a una niña por su cumpleaños o Comunión y no sabes cuál elegir? Deja de dar vueltas. Aquí lo tienes. Envío 48h" />
<meta name="robots" content="index, follow, max-snippet:-1, max-image-preview:large, max-video-preview:-1" />
<link rel="canonical" href="https://pequebierzo.es/tienda/producto/reloj-correa-tela-agatha-ruiz-prada/" />
<meta property="og:locale" content="es_ES" />
<meta property="og:type" content="article" />
<meta property="og:title" content="➤ Reloj con correa de tela de 【 Agatha Ruiz de la Prada 】" />
<meta property="og:description" content="¿Buscas un reloj chulo para regalar a una niña por su cumpleaños o Comunión y no sabes cuál elegir? Deja de dar vueltas. Aquí lo tienes. Envío 48h" />
<meta property="og:url" content="https://pequebierzo.es/tienda/producto/reloj-correa-tela-agatha-ruiz-prada/" />
<meta property="og:site_name" content="Peque Bierzo" />
<meta property="article:modified_time" content="2025-08-18T14:18:43+00:00" />
<meta property="og:image" content="https://pequebierzo.es/tienda/wp-content/uploads/2023/04/reloj-tela-corazon-agatha-ruiz-prada.jpg" />
	<meta property="og:image:width" content="1000" />
	<meta property="og:image:height" content="1000" />
	<meta property="og:image:type" content="image/jpeg" />
<meta name="twitter:card" content="summary_large_image" />
<!-- / Yoast SEO plugin. -->

¿Buscas un reloj chulo para regalar a una niña por su cumpleaños o Comunión y no sabes cuál elegir? Deja de dar vueltas. Aquí lo tienes. Envío 48h
