{"id":7101,"date":"2023-04-24T19:32:22","date_gmt":"2023-04-24T17:32:22","guid":{"rendered":"https:\/\/pequebierzo.es\/tienda\/?post_type=product&#038;p=7101"},"modified":"2025-03-02T10:09:12","modified_gmt":"2025-03-02T09:09:12","slug":"smartwatch-sonic","status":"publish","type":"product","link":"https:\/\/pequebierzo.es\/tienda\/producto\/smartwatch-sonic\/","title":{"rendered":"Smart Watch de Sonic con juegos: regalo chul\u00edsimo para fans de Sonic de 5 a 10 a\u00f1os"},"content":{"rendered":"\t\t<div data-elementor-type=\"product-post\" data-elementor-id=\"7101\" class=\"elementor elementor-7101\" data-elementor-post-type=\"product\">\n\t\t\t\t\t\t<section class=\"elementor-section elementor-top-section elementor-element elementor-element-5f1a3da elementor-section-boxed elementor-section-height-default elementor-section-height-default\" data-id=\"5f1a3da\" data-element_type=\"section\" data-e-type=\"section\">\n\t\t\t\t\t\t<div class=\"elementor-container elementor-column-gap-default\">\n\t\t\t\t\t<div class=\"elementor-column elementor-col-100 elementor-top-column elementor-element elementor-element-2bfa2cc\" data-id=\"2bfa2cc\" data-element_type=\"column\" data-e-type=\"column\">\n\t\t\t<div class=\"elementor-widget-wrap elementor-element-populated\">\n\t\t\t\t\t\t<div class=\"elementor-element elementor-element-ebdbfb3 elementor-widget elementor-widget-heading\" data-id=\"ebdbfb3\" data-element_type=\"widget\" data-e-type=\"widget\" data-widget_type=\"heading.default\">\n\t\t\t\t<div class=\"elementor-widget-container\">\n\t\t\t\t\t<h2 class=\"elementor-heading-title elementor-size-default\">Especificaciones<\/h2>\t\t\t\t<\/div>\n\t\t\t\t<\/div>\n\t\t\t\t<div class=\"elementor-element elementor-element-c38daa0 elementor-widget elementor-widget-text-editor\" data-id=\"c38daa0\" data-element_type=\"widget\" data-e-type=\"widget\" data-widget_type=\"text-editor.default\">\n\t\t\t\t<div class=\"elementor-widget-container\">\n\t\t\t\t\t\t\t\t\t<ul><li>Marca: \u200eSonic<\/li><li>Dimensiones del producto: \u200e21.6 x 4 x 1.2 cm; 39.69 gramos<\/li><li>Pilas: \u200e1 Litio Ion necesaria(s), incluida(s)<\/li><li>Tama\u00f1o de la pantalla: \u200e40 mil\u00edmetros<\/li><li>Pilas \/ bater\u00edas incluidas: \u200eS\u00ed<\/li><li>Pilas \/ bater\u00edas necesarias: S\u00ed<\/li><li>Incluye bater\u00eda recargable: \u200eS\u00ed<\/li><li>Incluye: Cable USB (cargar 1 hora antes de usar)<\/li><li>Peso del producto: \u200e39.6 g<\/li><\/ul>\t\t\t\t\t\t\t\t<\/div>\n\t\t\t\t<\/div>\n\t\t\t\t\t<\/div>\n\t\t<\/div>\n\t\t\t\t\t<\/div>\n\t\t<\/section>\n\t\t\t\t<section class=\"elementor-section elementor-top-section elementor-element elementor-element-1513e4d elementor-section-boxed elementor-section-height-default elementor-section-height-default\" data-id=\"1513e4d\" data-element_type=\"section\" data-e-type=\"section\">\n\t\t\t\t\t\t\t<div class=\"elementor-background-overlay\"><\/div>\n\t\t\t\t\t\t\t<div class=\"elementor-container elementor-column-gap-default\">\n\t\t\t\t\t<div class=\"elementor-column elementor-col-25 elementor-top-column elementor-element elementor-element-16b6c77\" data-id=\"16b6c77\" data-element_type=\"column\" data-e-type=\"column\">\n\t\t\t<div class=\"elementor-widget-wrap\">\n\t\t\t\t\t\t\t<\/div>\n\t\t<\/div>\n\t\t\t\t<div class=\"elementor-column elementor-col-25 elementor-top-column elementor-element elementor-element-efb0a3d\" data-id=\"efb0a3d\" data-element_type=\"column\" data-e-type=\"column\">\n\t\t\t<div class=\"elementor-widget-wrap elementor-element-populated\">\n\t\t\t\t\t\t<div class=\"elementor-element elementor-element-eeee882 elementor-widget elementor-widget-image\" data-id=\"eeee882\" data-element_type=\"widget\" data-e-type=\"widget\" data-widget_type=\"image.default\">\n\t\t\t\t<div class=\"elementor-widget-container\">\n\t\t\t\t\t\t\t\t\t\t\t\t\t\t\t<img fetchpriority=\"high\" decoding=\"async\" width=\"800\" height=\"800\" src=\"https:\/\/pequebierzo.es\/tienda\/wp-content\/uploads\/2023\/04\/caja-smartwatch-sonic.jpg\" class=\"attachment-large size-large wp-image-7106\" alt=\"Caja smartwatch Sonic\" srcset=\"https:\/\/pequebierzo.es\/tienda\/wp-content\/uploads\/2023\/04\/caja-smartwatch-sonic.jpg 1000w, https:\/\/pequebierzo.es\/tienda\/wp-content\/uploads\/2023\/04\/caja-smartwatch-sonic-300x300.jpg 300w, https:\/\/pequebierzo.es\/tienda\/wp-content\/uploads\/2023\/04\/caja-smartwatch-sonic-150x150.jpg 150w, https:\/\/pequebierzo.es\/tienda\/wp-content\/uploads\/2023\/04\/caja-smartwatch-sonic-768x768.jpg 768w, https:\/\/pequebierzo.es\/tienda\/wp-content\/uploads\/2023\/04\/caja-smartwatch-sonic-600x600.jpg 600w, https:\/\/pequebierzo.es\/tienda\/wp-content\/uploads\/2023\/04\/caja-smartwatch-sonic-100x100.jpg 100w\" sizes=\"(max-width: 800px) 100vw, 800px\" \/>\t\t\t\t\t\t\t\t\t\t\t\t\t\t\t<\/div>\n\t\t\t\t<\/div>\n\t\t\t\t\t<\/div>\n\t\t<\/div>\n\t\t\t\t<div class=\"elementor-column elementor-col-25 elementor-top-column elementor-element elementor-element-90a1f32\" data-id=\"90a1f32\" data-element_type=\"column\" data-e-type=\"column\">\n\t\t\t<div class=\"elementor-widget-wrap\">\n\t\t\t\t\t\t\t<\/div>\n\t\t<\/div>\n\t\t\t\t<div class=\"elementor-column elementor-col-25 elementor-top-column elementor-element elementor-element-85f471f\" data-id=\"85f471f\" data-element_type=\"column\" data-e-type=\"column\">\n\t\t\t<div class=\"elementor-widget-wrap elementor-element-populated\">\n\t\t\t\t\t\t<div class=\"elementor-element elementor-element-1f9b3c1 elementor-widget elementor-widget-heading\" data-id=\"1f9b3c1\" data-element_type=\"widget\" data-e-type=\"widget\" data-widget_type=\"heading.default\">\n\t\t\t\t<div class=\"elementor-widget-container\">\n\t\t\t\t\t<h2 class=\"elementor-heading-title elementor-size-default\">\u00a1Lo quiero YA para regalar!<\/h2>\t\t\t\t<\/div>\n\t\t\t\t<\/div>\n\t\t\t\t<div class=\"elementor-element elementor-element-bafb124 e-add-to-cart--show-quantity-yes elementor-widget elementor-widget-woocommerce-product-add-to-cart\" data-id=\"bafb124\" data-element_type=\"widget\" data-e-type=\"widget\" data-widget_type=\"woocommerce-product-add-to-cart.default\">\n\t\t\t\t<div class=\"elementor-widget-container\">\n\t\t\t\t\t\n\t\t<div class=\"elementor-add-to-cart elementor-product-simple\">\n\t\t\t<p class=\"stock in-stock\">Solo quedan 2 disponibles<\/p>\n\n\t\n\t<form class=\"cart\" action=\"https:\/\/pequebierzo.es\/tienda\/producto\/smartwatch-sonic\/\" method=\"post\" enctype='multipart\/form-data'>\n\t\t\n\t\t<div class=\"quantity\">\n\t\t<label class=\"screen-reader-text\" for=\"quantity_69f5905c6060b\">Smart Watch de Sonic con juegos: regalo chul\u00edsimo para fans de Sonic de 5 a 10 a\u00f1os cantidad<\/label>\n\t<input\n\t\ttype=\"number\"\n\t\t\t\tid=\"quantity_69f5905c6060b\"\n\t\tclass=\"input-text qty text\"\n\t\tname=\"quantity\"\n\t\tvalue=\"1\"\n\t\taria-label=\"Cantidad de productos\"\n\t\t\t\tmin=\"1\"\n\t\t\t\t\tmax=\"2\"\n\t\t\t\t\t\t\tstep=\"1\"\n\t\t\tplaceholder=\"\"\n\t\t\tinputmode=\"numeric\"\n\t\t\tautocomplete=\"off\"\n\t\t\t\/>\n\t<\/div>\n\n\t\t<button type=\"submit\" name=\"add-to-cart\" value=\"7101\" class=\"single_add_to_cart_button button alt\">A\u00f1adir al carrito<\/button>\n\n\t\t<input type=\"hidden\" name=\"gtm4wp_product_data\" value=\"{&quot;internal_id&quot;:7101,&quot;item_id&quot;:7101,&quot;item_name&quot;:&quot;Smart Watch de Sonic con juegos: regalo chul\\u00edsimo para fans de Sonic de 5 a 10 a\\u00f1os&quot;,&quot;sku&quot;:7101,&quot;price&quot;:47.99,&quot;stocklevel&quot;:2,&quot;stockstatus&quot;:&quot;instock&quot;,&quot;google_business_vertical&quot;:&quot;retail&quot;,&quot;item_category&quot;:&quot;M\\u00e1s vendidos&quot;,&quot;id&quot;:7101,&quot;item_brand&quot;:&quot;M\\u00e1s vendidos&quot;}\" \/>\n\t<\/form>\n\n\t\n\t\t<\/div>\n\n\t\t\t\t\t\t<\/div>\n\t\t\t\t<\/div>\n\t\t\t\t<div class=\"elementor-element elementor-element-ce518ad elementor-widget elementor-widget-text-editor\" data-id=\"ce518ad\" data-element_type=\"widget\" data-e-type=\"widget\" data-widget_type=\"text-editor.default\">\n\t\t\t\t<div class=\"elementor-widget-container\">\n\t\t\t\t\t\t\t\t\t<div id=\"nta-wabutton-770\" style=\"margin: 30px 0 30px;\"><a target=\"_blank\" href=\"https:\/\/web.whatsapp.com\/send?phone=34626593172&#038;text=Tengo una duda sobre este producto (https:\/\/pequebierzo.es\/tienda\/wp-json\/wp\/v2\/product\/7101)...\" class=\"wa__button wa__r_button wa__stt_online wa__btn_w_img \"><div class=\"wa__cs_img\"><div class=\"wa__cs_img_wrap\" style=\"background: url(https:\/\/pequebierzo.es\/tienda\/wp-content\/uploads\/2021\/11\/jana-79x79-1-788x788.png) center center no-repeat; background-size: cover;\"><\/div><\/div><div class=\"wa__btn_txt\"><div class=\"wa__cs_info\"><div class=\"wa__cs_name\">Jana Soto<\/div><div class=\"wa__cs_status\">Online<\/div><\/div><div class=\"wa__btn_title\">Enviar mensaje a Jana<\/div><\/div><\/a><\/div>\t\t\t\t\t\t\t\t<\/div>\n\t\t\t\t<\/div>\n\t\t\t\t\t<\/div>\n\t\t<\/div>\n\t\t\t\t\t<\/div>\n\t\t<\/section>\n\t\t\t\t<\/div>\n\t\t","protected":false},"excerpt":{"rendered":"<p>\u00bfEst\u00e1s buscando un <strong>regalo para un fan de Sonic<\/strong> y no sabes qu\u00e9 le puede gustar?<\/p>\n<p>Este <em>Smart Watch<\/em> es una pasada porque:<\/p>\n<ul>\n<li>Querr\u00e1 <strong>levantarse cada ma\u00f1ana para ir al cole<\/strong> con la alarma del reloj.<\/li>\n<li><strong>Le encantar\u00e1 hacer fotos y v\u00eddeos<\/strong> como hacen los mayores para inmortalizar sus momentos especiales.<\/li>\n<li>Tambi\u00e9n podr\u00e1 <strong>compartir esos momentos<\/strong> con amigos y familiares.<\/li>\n<li>Se lo pasar\u00e1 en grande <strong>grab\u00e1ndose la voz hablando o cantando<\/strong> con sus amigos, abuelos o hermanos.<\/li>\n<li>Querr\u00e1 <strong>correr a la velocidad del viento como Sonic<\/strong> y cronometrarse con el reloj, o controlar el tiempo que se lava los dientes \ud83d\ude09<\/li>\n<li>Aprender\u00e1 a hacer <strong>c\u00e1lculos r\u00e1pidos con la calculadora<\/strong> que llevar\u00e1 en su mu\u00f1eca.<\/li>\n<li>Tendr\u00e1 <strong>diversi\u00f3n ininterrumpida<\/strong> durante todo el d\u00eda gracias a la bater\u00eda de larga duraci\u00f3n.<\/li>\n<li>La pantalla se ve <strong>muy clara y n\u00edtida<\/strong> para ser un reloj infantil.<\/li>\n<li>Tiene <strong>un mont\u00f3n de funciones<\/strong> y posibilidades.<\/li>\n<\/ul>\n<p>.<\/p>\n<p>La verdad es que, si le gustan Sonic, es <strong>perfecto para regalar<\/strong>.<\/p>\n<p>Viene en una caja con el <strong>logotipo oficial<\/strong> y tiene muy <strong>buena calidad<\/strong>.<\/p>\n<p>Y las funciones que tiene son s\u00faper \u00fatiles, divertidas y seguras para \u00e9l.<\/p>\n<p>Si es fan de Sonic va a alucinar.<\/p>\n<p>Querr\u00e1 pon\u00e9rselo cada d\u00eda.<\/p>\n<p>&nbsp;<\/p>\n<p><strong>C\u00f3mpralo AHORA<\/strong> y reg\u00e1laselo en la pr\u00f3xima ocasi\u00f3n.<\/p>\n<p>Se convertir\u00e1 en su regalo favorito.<\/p>\n<p>Cons\u00edguelo en solo 3 pasos:<\/p>\n<ol>\n<li>A\u00f1\u00e1delo al carrito<\/li>\n<li>Escribe tus datos y haz el pago<\/li>\n<li>Rec\u00edbelo en 24-48 horas laborables de lunes a viernes<\/li>\n<\/ol>\n","protected":false},"featured_media":7102,"comment_status":"open","ping_status":"closed","template":"","meta":[],"product_brand":[],"product_cat":[25],"product_tag":[],"class_list":{"0":"post-7101","1":"product","2":"type-product","3":"status-publish","4":"has-post-thumbnail","6":"product_cat-mas-vendidos","8":"first","9":"instock","10":"sale","11":"taxable","12":"shipping-taxable","13":"purchasable","14":"product-type-simple"},"yoast_head":"<!-- This site is optimized with the Yoast SEO plugin v27.0 - https:\/\/yoast.com\/product\/yoast-seo-wordpress\/ -->\n<title>Smart Watch de Sonic con juegos: regalo para fans de Sonic<\/title>\n<meta name=\"description\" content=\"\u00bfEst\u00e1s buscando un regalo para un fan de Sonic y no sabes qu\u00e9 le puede gustar? Este smartwatch es una pasada. Env\u00edos 48 horas.\" \/>\n<meta name=\"robots\" content=\"index, follow, max-snippet:-1, max-image-preview:large, max-video-preview:-1\" \/>\n<link rel=\"canonical\" href=\"https:\/\/pequebierzo.es\/tienda\/producto\/smartwatch-sonic\/\" \/>\n<meta property=\"og:locale\" content=\"es_ES\" \/>\n<meta property=\"og:type\" content=\"article\" \/>\n<meta property=\"og:title\" content=\"Smart Watch de Sonic con juegos: regalo para fans de Sonic\" \/>\n<meta property=\"og:description\" content=\"\u00bfEst\u00e1s buscando un regalo para un fan de Sonic y no sabes qu\u00e9 le puede gustar? Este smartwatch es una pasada. Env\u00edos 48 horas.\" \/>\n<meta property=\"og:url\" content=\"https:\/\/pequebierzo.es\/tienda\/producto\/smartwatch-sonic\/\" \/>\n<meta property=\"og:site_name\" content=\"Peque Bierzo\" \/>\n<meta property=\"article:modified_time\" content=\"2025-03-02T09:09:12+00:00\" \/>\n<meta property=\"og:image\" content=\"https:\/\/pequebierzo.es\/tienda\/wp-content\/uploads\/2023\/04\/reloj-smartwatch-sonic-regalo-ninos.png\" \/>\n\t<meta property=\"og:image:width\" content=\"1000\" \/>\n\t<meta property=\"og:image:height\" content=\"1000\" \/>\n\t<meta property=\"og:image:type\" content=\"image\/png\" \/>\n<meta name=\"twitter:card\" content=\"summary_large_image\" \/>\n<!-- \/ Yoast SEO plugin. -->","yoast_head_json":{"title":"Smart Watch de Sonic con juegos: regalo para fans de Sonic","description":"\u00bfEst\u00e1s buscando un regalo para un fan de Sonic y no sabes qu\u00e9 le puede gustar? Este smartwatch es una pasada. Env\u00edos 48 horas.","robots":{"index":"index","follow":"follow","max-snippet":"max-snippet:-1","max-image-preview":"max-image-preview:large","max-video-preview":"max-video-preview:-1"},"canonical":"https:\/\/pequebierzo.es\/tienda\/producto\/smartwatch-sonic\/","og_locale":"es_ES","og_type":"article","og_title":"Smart Watch de Sonic con juegos: regalo para fans de Sonic","og_description":"\u00bfEst\u00e1s buscando un regalo para un fan de Sonic y no sabes qu\u00e9 le puede gustar? Este smartwatch es una pasada. Env\u00edos 48 horas.","og_url":"https:\/\/pequebierzo.es\/tienda\/producto\/smartwatch-sonic\/","og_site_name":"Peque Bierzo","article_modified_time":"2025-03-02T09:09:12+00:00","og_image":[{"width":1000,"height":1000,"url":"https:\/\/pequebierzo.es\/tienda\/wp-content\/uploads\/2023\/04\/reloj-smartwatch-sonic-regalo-ninos.png","type":"image\/png"}],"twitter_card":"summary_large_image","schema":{"@context":"https:\/\/schema.org","@graph":[{"@type":"WebPage","@id":"https:\/\/pequebierzo.es\/tienda\/producto\/smartwatch-sonic\/","url":"https:\/\/pequebierzo.es\/tienda\/producto\/smartwatch-sonic\/","name":"Smart Watch de Sonic con juegos: regalo para fans de Sonic","isPartOf":{"@id":"https:\/\/pequebierzo.es\/tienda\/#website"},"primaryImageOfPage":{"@id":"https:\/\/pequebierzo.es\/tienda\/producto\/smartwatch-sonic\/#primaryimage"},"image":{"@id":"https:\/\/pequebierzo.es\/tienda\/producto\/smartwatch-sonic\/#primaryimage"},"thumbnailUrl":"https:\/\/pequebierzo.es\/tienda\/wp-content\/uploads\/2023\/04\/reloj-smartwatch-sonic-regalo-ninos.png","datePublished":"2023-04-24T17:32:22+00:00","dateModified":"2025-03-02T09:09:12+00:00","description":"\u00bfEst\u00e1s buscando un regalo para un fan de Sonic y no sabes qu\u00e9 le puede gustar? Este smartwatch es una pasada. Env\u00edos 48 horas.","breadcrumb":{"@id":"https:\/\/pequebierzo.es\/tienda\/producto\/smartwatch-sonic\/#breadcrumb"},"inLanguage":"es","potentialAction":[{"@type":"ReadAction","target":["https:\/\/pequebierzo.es\/tienda\/producto\/smartwatch-sonic\/"]}]},{"@type":"ImageObject","inLanguage":"es","@id":"https:\/\/pequebierzo.es\/tienda\/producto\/smartwatch-sonic\/#primaryimage","url":"https:\/\/pequebierzo.es\/tienda\/wp-content\/uploads\/2023\/04\/reloj-smartwatch-sonic-regalo-ninos.png","contentUrl":"https:\/\/pequebierzo.es\/tienda\/wp-content\/uploads\/2023\/04\/reloj-smartwatch-sonic-regalo-ninos.png","width":1000,"height":1000,"caption":"Reloj smartwatch de Sonic regalo para ni\u00f1os"},{"@type":"BreadcrumbList","@id":"https:\/\/pequebierzo.es\/tienda\/producto\/smartwatch-sonic\/#breadcrumb","itemListElement":[{"@type":"ListItem","position":1,"name":"Portada","item":"https:\/\/pequebierzo.es\/tienda\/"},{"@type":"ListItem","position":2,"name":"T2","item":"https:\/\/pequebierzo.es\/tienda\/t2\/"},{"@type":"ListItem","position":3,"name":"Smart Watch de Sonic con juegos: regalo chul\u00edsimo para fans de Sonic de 5 a 10 a\u00f1os"}]},{"@type":"WebSite","@id":"https:\/\/pequebierzo.es\/tienda\/#website","url":"https:\/\/pequebierzo.es\/tienda\/","name":"Peque Bierzo","description":"La agenda de ocio infantil del Bierzo","publisher":{"@id":"https:\/\/pequebierzo.es\/tienda\/#organization"},"potentialAction":[{"@type":"SearchAction","target":{"@type":"EntryPoint","urlTemplate":"https:\/\/pequebierzo.es\/tienda\/?s={search_term_string}"},"query-input":{"@type":"PropertyValueSpecification","valueRequired":true,"valueName":"search_term_string"}}],"inLanguage":"es"},{"@type":"Organization","@id":"https:\/\/pequebierzo.es\/tienda\/#organization","name":"Peque Bierzo","url":"https:\/\/pequebierzo.es\/tienda\/","logo":{"@type":"ImageObject","inLanguage":"es","@id":"https:\/\/pequebierzo.es\/tienda\/#\/schema\/logo\/image\/","url":"https:\/\/pequebierzo.es\/tienda\/wp-content\/uploads\/2021\/09\/logo-pequebierzo1.png","contentUrl":"https:\/\/pequebierzo.es\/tienda\/wp-content\/uploads\/2021\/09\/logo-pequebierzo1.png","width":200,"height":98,"caption":"Peque Bierzo"},"image":{"@id":"https:\/\/pequebierzo.es\/tienda\/#\/schema\/logo\/image\/"}}]}},"_links":{"self":[{"href":"https:\/\/pequebierzo.es\/tienda\/wp-json\/wp\/v2\/product\/7101","targetHints":{"allow":["GET"]}}],"collection":[{"href":"https:\/\/pequebierzo.es\/tienda\/wp-json\/wp\/v2\/product"}],"about":[{"href":"https:\/\/pequebierzo.es\/tienda\/wp-json\/wp\/v2\/types\/product"}],"replies":[{"embeddable":true,"href":"https:\/\/pequebierzo.es\/tienda\/wp-json\/wp\/v2\/comments?post=7101"}],"version-history":[{"count":6,"href":"https:\/\/pequebierzo.es\/tienda\/wp-json\/wp\/v2\/product\/7101\/revisions"}],"predecessor-version":[{"id":8259,"href":"https:\/\/pequebierzo.es\/tienda\/wp-json\/wp\/v2\/product\/7101\/revisions\/8259"}],"wp:featuredmedia":[{"embeddable":true,"href":"https:\/\/pequebierzo.es\/tienda\/wp-json\/wp\/v2\/media\/7102"}],"wp:attachment":[{"href":"https:\/\/pequebierzo.es\/tienda\/wp-json\/wp\/v2\/media?parent=7101"}],"wp:term":[{"taxonomy":"product_brand","embeddable":true,"href":"https:\/\/pequebierzo.es\/tienda\/wp-json\/wp\/v2\/product_brand?post=7101"},{"taxonomy":"product_cat","embeddable":true,"href":"https:\/\/pequebierzo.es\/tienda\/wp-json\/wp\/v2\/product_cat?post=7101"},{"taxonomy":"product_tag","embeddable":true,"href":"https:\/\/pequebierzo.es\/tienda\/wp-json\/wp\/v2\/product_tag?post=7101"}],"curies":[{"name":"wp","href":"https:\/\/api.w.org\/{rel}","templated":true}]}}