{"id":7122,"date":"2023-04-25T18:19:26","date_gmt":"2023-04-25T16:19:26","guid":{"rendered":"https:\/\/pequebierzo.es\/tienda\/?post_type=product&#038;p=7122"},"modified":"2024-12-30T17:16:48","modified_gmt":"2024-12-30T16:16:48","slug":"reloj-proyector","status":"publish","type":"product","link":"https:\/\/pequebierzo.es\/tienda\/producto\/reloj-proyector\/","title":{"rendered":"Reloj proyector despertador: un regalo diferente y \u00fatil para su habitaci\u00f3n"},"content":{"rendered":"\t\t<div data-elementor-type=\"product-post\" data-elementor-id=\"7122\" class=\"elementor elementor-7122\" data-elementor-post-type=\"product\">\n\t\t\t\t\t\t<section class=\"elementor-section elementor-top-section elementor-element elementor-element-a170437 elementor-section-boxed elementor-section-height-default elementor-section-height-default\" data-id=\"a170437\" data-element_type=\"section\" data-e-type=\"section\">\n\t\t\t\t\t\t<div class=\"elementor-container elementor-column-gap-default\">\n\t\t\t\t\t<div class=\"elementor-column elementor-col-100 elementor-top-column elementor-element elementor-element-2bab11b\" data-id=\"2bab11b\" data-element_type=\"column\" data-e-type=\"column\">\n\t\t\t<div class=\"elementor-widget-wrap elementor-element-populated\">\n\t\t\t\t\t\t<div class=\"elementor-element elementor-element-3bb1396 elementor-widget elementor-widget-heading\" data-id=\"3bb1396\" data-element_type=\"widget\" data-e-type=\"widget\" data-widget_type=\"heading.default\">\n\t\t\t\t<div class=\"elementor-widget-container\">\n\t\t\t\t\t<h2 class=\"elementor-heading-title elementor-size-default\">[V\u00eddeo] Conoce mejor el despertador proyector<\/h2>\t\t\t\t<\/div>\n\t\t\t\t<\/div>\n\t\t\t\t<div class=\"elementor-element elementor-element-3f92525 elementor-widget elementor-widget-text-editor\" data-id=\"3f92525\" data-element_type=\"widget\" data-e-type=\"widget\" data-widget_type=\"text-editor.default\">\n\t\t\t\t<div class=\"elementor-widget-container\">\n\t\t\t\t\t\t\t\t\t<p>En este v\u00eddeo vamos a ver un poco mejor el reloj despertador con proyector:<\/p>\t\t\t\t\t\t\t\t<\/div>\n\t\t\t\t<\/div>\n\t\t\t\t<div class=\"elementor-element elementor-element-e58337c elementor-widget elementor-widget-video\" data-id=\"e58337c\" data-element_type=\"widget\" data-e-type=\"widget\" data-settings=\"{&quot;youtube_url&quot;:&quot;https:\\\/\\\/youtu.be\\\/vRrnuzmXwyQ&quot;,&quot;video_type&quot;:&quot;youtube&quot;,&quot;controls&quot;:&quot;yes&quot;}\" data-widget_type=\"video.default\">\n\t\t\t\t<div class=\"elementor-widget-container\">\n\t\t\t\t\t\t\t<div class=\"elementor-wrapper elementor-open-inline\">\n\t\t\t<div class=\"elementor-video\"><\/div>\t\t<\/div>\n\t\t\t\t\t\t<\/div>\n\t\t\t\t<\/div>\n\t\t\t\t\t<\/div>\n\t\t<\/div>\n\t\t\t\t\t<\/div>\n\t\t<\/section>\n\t\t\t\t<section class=\"elementor-section elementor-top-section elementor-element elementor-element-07d9687 elementor-section-boxed elementor-section-height-default elementor-section-height-default\" data-id=\"07d9687\" data-element_type=\"section\" data-e-type=\"section\">\n\t\t\t\t\t\t<div class=\"elementor-container elementor-column-gap-default\">\n\t\t\t\t\t<div class=\"elementor-column elementor-col-100 elementor-top-column elementor-element elementor-element-2004406\" data-id=\"2004406\" data-element_type=\"column\" data-e-type=\"column\">\n\t\t\t<div class=\"elementor-widget-wrap elementor-element-populated\">\n\t\t\t\t\t\t<div class=\"elementor-element elementor-element-863f78c elementor-widget elementor-widget-heading\" data-id=\"863f78c\" data-element_type=\"widget\" data-e-type=\"widget\" data-widget_type=\"heading.default\">\n\t\t\t\t<div class=\"elementor-widget-container\">\n\t\t\t\t\t<h2 class=\"elementor-heading-title elementor-size-default\">Funciones<\/h2>\t\t\t\t<\/div>\n\t\t\t\t<\/div>\n\t\t\t\t<div class=\"elementor-element elementor-element-9e37d94 elementor-widget elementor-widget-text-editor\" data-id=\"9e37d94\" data-element_type=\"widget\" data-e-type=\"widget\" data-widget_type=\"text-editor.default\">\n\t\t\t\t<div class=\"elementor-widget-container\">\n\t\t\t\t\t\t\t\t\t<ul><li>Radio FM Digital<\/li><li>Memoria de 10 emisoras<\/li><li>Proyecci\u00f3n de hora<\/li><li>Proyecci\u00f3n rotativa 180\u00ba<\/li><li>D\u00edgitos LED XL<\/li><li>Doble alarma<\/li><li>Repetici\u00f3n<\/li><li>Calendario<\/li><li>Funci\u00f3n siesta<\/li><li>Auto-apagado<\/li><li>Cable de alimentaci\u00f3n<\/li><li>1 X &#8220;CR2023&#8221; pila apoyo no incluida<\/li><\/ul>\t\t\t\t\t\t\t\t<\/div>\n\t\t\t\t<\/div>\n\t\t\t\t\t<\/div>\n\t\t<\/div>\n\t\t\t\t\t<\/div>\n\t\t<\/section>\n\t\t\t\t<section class=\"elementor-section elementor-top-section elementor-element elementor-element-a2d0b8d elementor-section-boxed elementor-section-height-default elementor-section-height-default\" data-id=\"a2d0b8d\" data-element_type=\"section\" data-e-type=\"section\">\n\t\t\t\t\t\t\t<div class=\"elementor-background-overlay\"><\/div>\n\t\t\t\t\t\t\t<div class=\"elementor-container elementor-column-gap-default\">\n\t\t\t\t\t<div class=\"elementor-column elementor-col-25 elementor-top-column elementor-element elementor-element-f567c80\" data-id=\"f567c80\" data-element_type=\"column\" data-e-type=\"column\">\n\t\t\t<div class=\"elementor-widget-wrap\">\n\t\t\t\t\t\t\t<\/div>\n\t\t<\/div>\n\t\t\t\t<div class=\"elementor-column elementor-col-25 elementor-top-column elementor-element elementor-element-c2fa212\" data-id=\"c2fa212\" data-element_type=\"column\" data-e-type=\"column\">\n\t\t\t<div class=\"elementor-widget-wrap elementor-element-populated\">\n\t\t\t\t\t\t<div class=\"elementor-element elementor-element-88bf9b7 elementor-widget elementor-widget-image\" data-id=\"88bf9b7\" data-element_type=\"widget\" data-e-type=\"widget\" data-widget_type=\"image.default\">\n\t\t\t\t<div class=\"elementor-widget-container\">\n\t\t\t\t\t\t\t\t\t\t\t\t\t\t\t<img fetchpriority=\"high\" decoding=\"async\" width=\"800\" height=\"800\" src=\"https:\/\/pequebierzo.es\/tienda\/wp-content\/uploads\/2023\/04\/reloj-despertador-con-proyector-1024x1024.png\" class=\"attachment-large size-large wp-image-7124\" alt=\"Reloj despertador con proyector\" srcset=\"https:\/\/pequebierzo.es\/tienda\/wp-content\/uploads\/2023\/04\/reloj-despertador-con-proyector-1024x1024.png 1024w, https:\/\/pequebierzo.es\/tienda\/wp-content\/uploads\/2023\/04\/reloj-despertador-con-proyector-300x300.png 300w, https:\/\/pequebierzo.es\/tienda\/wp-content\/uploads\/2023\/04\/reloj-despertador-con-proyector-150x150.png 150w, https:\/\/pequebierzo.es\/tienda\/wp-content\/uploads\/2023\/04\/reloj-despertador-con-proyector-768x768.png 768w, https:\/\/pequebierzo.es\/tienda\/wp-content\/uploads\/2023\/04\/reloj-despertador-con-proyector-600x600.png 600w, https:\/\/pequebierzo.es\/tienda\/wp-content\/uploads\/2023\/04\/reloj-despertador-con-proyector-100x100.png 100w, https:\/\/pequebierzo.es\/tienda\/wp-content\/uploads\/2023\/04\/reloj-despertador-con-proyector.png 1080w\" sizes=\"(max-width: 800px) 100vw, 800px\" \/>\t\t\t\t\t\t\t\t\t\t\t\t\t\t\t<\/div>\n\t\t\t\t<\/div>\n\t\t\t\t\t<\/div>\n\t\t<\/div>\n\t\t\t\t<div class=\"elementor-column elementor-col-25 elementor-top-column elementor-element elementor-element-0e92aa8\" data-id=\"0e92aa8\" data-element_type=\"column\" data-e-type=\"column\">\n\t\t\t<div class=\"elementor-widget-wrap\">\n\t\t\t\t\t\t\t<\/div>\n\t\t<\/div>\n\t\t\t\t<div class=\"elementor-column elementor-col-25 elementor-top-column elementor-element elementor-element-3c6e037\" data-id=\"3c6e037\" data-element_type=\"column\" data-e-type=\"column\">\n\t\t\t<div class=\"elementor-widget-wrap elementor-element-populated\">\n\t\t\t\t\t\t<div class=\"elementor-element elementor-element-eb1857b elementor-widget elementor-widget-heading\" data-id=\"eb1857b\" data-element_type=\"widget\" data-e-type=\"widget\" data-widget_type=\"heading.default\">\n\t\t\t\t<div class=\"elementor-widget-container\">\n\t\t\t\t\t<h2 class=\"elementor-heading-title elementor-size-default\">\u00a1Lo quiero YA para regalar!<\/h2>\t\t\t\t<\/div>\n\t\t\t\t<\/div>\n\t\t\t\t<div class=\"elementor-element elementor-element-893b32b e-add-to-cart--show-quantity-yes elementor-widget elementor-widget-woocommerce-product-add-to-cart\" data-id=\"893b32b\" data-element_type=\"widget\" data-e-type=\"widget\" data-widget_type=\"woocommerce-product-add-to-cart.default\">\n\t\t\t\t<div class=\"elementor-widget-container\">\n\t\t\t\t\t\n\t\t<div class=\"elementor-add-to-cart elementor-product-external\">\n\t\t\t    <p class=\"cart\">\n        <a href=\"https:\/\/amzn.to\/4a0zbEk\" target=\"_blank\" rel=\"nofollow\" class=\"single_add_to_cart_button button alt\">Comprar el producto<\/a>\n    <\/p>\n    <input type=\"hidden\" name=\"gtm4wp_product_data\" value=\"{&quot;internal_id&quot;:7122,&quot;item_id&quot;:7122,&quot;item_name&quot;:&quot;Reloj proyector despertador: un regalo diferente y \\u00fatil para su habitaci\\u00f3n&quot;,&quot;sku&quot;:7122,&quot;price&quot;:0,&quot;stocklevel&quot;:null,&quot;stockstatus&quot;:&quot;instock&quot;,&quot;google_business_vertical&quot;:&quot;retail&quot;,&quot;item_category&quot;:&quot;M\\u00e1s vendidos&quot;,&quot;id&quot;:7122,&quot;item_brand&quot;:&quot;M\\u00e1s vendidos&quot;}\" \/>\n\t\t<\/div>\n\n\t\t\t\t\t\t<\/div>\n\t\t\t\t<\/div>\n\t\t\t\t<div class=\"elementor-element elementor-element-a386978 elementor-widget elementor-widget-text-editor\" data-id=\"a386978\" data-element_type=\"widget\" data-e-type=\"widget\" data-widget_type=\"text-editor.default\">\n\t\t\t\t<div class=\"elementor-widget-container\">\n\t\t\t\t\t\t\t\t\t<div id=\"nta-wabutton-770\" style=\"margin: 30px 0 30px;\"><a target=\"_blank\" href=\"https:\/\/web.whatsapp.com\/send?phone=34626593172&#038;text=Tengo una duda sobre este producto (https:\/\/pequebierzo.es\/tienda\/wp-json\/wp\/v2\/product\/7122)...\" class=\"wa__button wa__r_button wa__stt_online wa__btn_w_img \"><div class=\"wa__cs_img\"><div class=\"wa__cs_img_wrap\" style=\"background: url(https:\/\/pequebierzo.es\/tienda\/wp-content\/uploads\/2021\/11\/jana-79x79-1-788x788.png) center center no-repeat; background-size: cover;\"><\/div><\/div><div class=\"wa__btn_txt\"><div class=\"wa__cs_info\"><div class=\"wa__cs_name\">Jana Soto<\/div><div class=\"wa__cs_status\">Online<\/div><\/div><div class=\"wa__btn_title\">Enviar mensaje a Jana<\/div><\/div><\/a><\/div>\t\t\t\t\t\t\t\t<\/div>\n\t\t\t\t<\/div>\n\t\t\t\t\t<\/div>\n\t\t<\/div>\n\t\t\t\t\t<\/div>\n\t\t<\/section>\n\t\t\t\t<\/div>\n\t\t","protected":false},"excerpt":{"rendered":"<p>\u00bfAs\u00ed que est\u00e1s buscando un regalo para un ni\u00f1o, adolescente o adulto y no sabes qu\u00e9 le puede gustar?<\/p>\n<p>Ver\u00e1s.<\/p>\n<p>Este <strong>reloj despertador digital con proyector<\/strong> es una buena idea para regalar porque:<\/p>\n<ul>\n<li>Es tan <strong>\u00fatil<\/strong> que lo va a utilizar seguro en su mesilla de noche.<\/li>\n<li>Cuando abra los ojos por la ma\u00f1ana o en mitad de la noche <strong>sabr\u00e1 qu\u00e9 hora es sin inclinarse a mirar<\/strong>.<\/li>\n<li>Le servir\u00e1 para <strong>ambientar su cuarto<\/strong>.<\/li>\n<li>Emite una leve luz que <strong>ilumina la habitaci\u00f3n<\/strong> para que no est\u00e9 oscura por completo.<\/li>\n<li>Podr\u00e1 <strong>dirigir la proyecci\u00f3n<\/strong> a cualquier punto de la habitaci\u00f3n donde le resulte m\u00e1s c\u00f3modo: <strong>techo o paredes<\/strong>.<\/li>\n<li>Cuenta con varias funciones extra que le ser\u00e1n de utilidad: <strong>radio, calendario o el temporizador para despertar de la siesta<\/strong>.<\/li>\n<li>Podr\u00e1 poner <strong>dos alarmas<\/strong>: una para despertarse por la semana y otra el fin de semana.<\/li>\n<\/ul>\n<p>&nbsp;<\/p>\n<p>Sin duda es un regalo original y diferente ideal si no sabes qu\u00e9 regalar y tiene ya de todo.<\/p>\n<p><strong>C\u00f3mpralo AHORA<\/strong> y reg\u00e1laselo en esa ocasi\u00f3n tan especial.<\/p>\n<p>Est\u00e1s a tan solo 3 pasos de conseguirlo:<\/p>\n<ol>\n<li>A\u00f1\u00e1delo al carrito<\/li>\n<li>Escribe tus datos y haz el pago<\/li>\n<li>Rec\u00edbelo en 24-48 horas laborables de lunes a viernes<\/li>\n<\/ol>\n","protected":false},"featured_media":7123,"comment_status":"open","ping_status":"closed","template":"","meta":[],"product_brand":[],"product_cat":[25],"product_tag":[],"class_list":{"0":"post-7122","1":"product","2":"type-product","3":"status-publish","4":"has-post-thumbnail","6":"product_cat-mas-vendidos","8":"first","9":"instock","10":"taxable","11":"shipping-taxable","12":"product-type-external"},"yoast_head":"<!-- This site is optimized with the Yoast SEO plugin v27.0 - https:\/\/yoast.com\/product\/yoast-seo-wordpress\/ -->\n<title>Reloj proyector despertador: un regalo diferente para su habitaci\u00f3n<\/title>\n<meta name=\"description\" content=\"\u00bfBuscas un regalo para un ni\u00f1o, adolescente o adulto y no sabes qu\u00e9 le puede gustar? Te va a encantar este despertador con proyector. Env\u00edo 48h\" \/>\n<meta name=\"robots\" content=\"index, follow, max-snippet:-1, max-image-preview:large, max-video-preview:-1\" \/>\n<link rel=\"canonical\" href=\"https:\/\/pequebierzo.es\/tienda\/producto\/reloj-proyector\/\" \/>\n<meta property=\"og:locale\" content=\"es_ES\" \/>\n<meta property=\"og:type\" content=\"article\" \/>\n<meta property=\"og:title\" content=\"Reloj proyector despertador: un regalo diferente para su habitaci\u00f3n\" \/>\n<meta property=\"og:description\" content=\"\u00bfBuscas un regalo para un ni\u00f1o, adolescente o adulto y no sabes qu\u00e9 le puede gustar? Te va a encantar este despertador con proyector. Env\u00edo 48h\" \/>\n<meta property=\"og:url\" content=\"https:\/\/pequebierzo.es\/tienda\/producto\/reloj-proyector\/\" \/>\n<meta property=\"og:site_name\" content=\"Peque Bierzo\" \/>\n<meta property=\"article:modified_time\" content=\"2024-12-30T16:16:48+00:00\" \/>\n<meta property=\"og:image\" content=\"https:\/\/pequebierzo.es\/tienda\/wp-content\/uploads\/2023\/04\/reloj-proyector.png\" \/>\n\t<meta property=\"og:image:width\" content=\"1080\" \/>\n\t<meta property=\"og:image:height\" content=\"1080\" \/>\n\t<meta property=\"og:image:type\" content=\"image\/png\" \/>\n<meta name=\"twitter:card\" content=\"summary_large_image\" \/>\n<!-- \/ Yoast SEO plugin. -->","yoast_head_json":{"title":"Reloj proyector despertador: un regalo diferente para su habitaci\u00f3n","description":"\u00bfBuscas un regalo para un ni\u00f1o, adolescente o adulto y no sabes qu\u00e9 le puede gustar? Te va a encantar este despertador con proyector. Env\u00edo 48h","robots":{"index":"index","follow":"follow","max-snippet":"max-snippet:-1","max-image-preview":"max-image-preview:large","max-video-preview":"max-video-preview:-1"},"canonical":"https:\/\/pequebierzo.es\/tienda\/producto\/reloj-proyector\/","og_locale":"es_ES","og_type":"article","og_title":"Reloj proyector despertador: un regalo diferente para su habitaci\u00f3n","og_description":"\u00bfBuscas un regalo para un ni\u00f1o, adolescente o adulto y no sabes qu\u00e9 le puede gustar? Te va a encantar este despertador con proyector. Env\u00edo 48h","og_url":"https:\/\/pequebierzo.es\/tienda\/producto\/reloj-proyector\/","og_site_name":"Peque Bierzo","article_modified_time":"2024-12-30T16:16:48+00:00","og_image":[{"width":1080,"height":1080,"url":"https:\/\/pequebierzo.es\/tienda\/wp-content\/uploads\/2023\/04\/reloj-proyector.png","type":"image\/png"}],"twitter_card":"summary_large_image","schema":{"@context":"https:\/\/schema.org","@graph":[{"@type":"WebPage","@id":"https:\/\/pequebierzo.es\/tienda\/producto\/reloj-proyector\/","url":"https:\/\/pequebierzo.es\/tienda\/producto\/reloj-proyector\/","name":"Reloj proyector despertador: un regalo diferente para su habitaci\u00f3n","isPartOf":{"@id":"https:\/\/pequebierzo.es\/tienda\/#website"},"primaryImageOfPage":{"@id":"https:\/\/pequebierzo.es\/tienda\/producto\/reloj-proyector\/#primaryimage"},"image":{"@id":"https:\/\/pequebierzo.es\/tienda\/producto\/reloj-proyector\/#primaryimage"},"thumbnailUrl":"https:\/\/pequebierzo.es\/tienda\/wp-content\/uploads\/2023\/04\/reloj-proyector.png","datePublished":"2023-04-25T16:19:26+00:00","dateModified":"2024-12-30T16:16:48+00:00","description":"\u00bfBuscas un regalo para un ni\u00f1o, adolescente o adulto y no sabes qu\u00e9 le puede gustar? Te va a encantar este despertador con proyector. Env\u00edo 48h","breadcrumb":{"@id":"https:\/\/pequebierzo.es\/tienda\/producto\/reloj-proyector\/#breadcrumb"},"inLanguage":"es","potentialAction":[{"@type":"ReadAction","target":["https:\/\/pequebierzo.es\/tienda\/producto\/reloj-proyector\/"]}]},{"@type":"ImageObject","inLanguage":"es","@id":"https:\/\/pequebierzo.es\/tienda\/producto\/reloj-proyector\/#primaryimage","url":"https:\/\/pequebierzo.es\/tienda\/wp-content\/uploads\/2023\/04\/reloj-proyector.png","contentUrl":"https:\/\/pequebierzo.es\/tienda\/wp-content\/uploads\/2023\/04\/reloj-proyector.png","width":1080,"height":1080,"caption":"Reloj proyector"},{"@type":"BreadcrumbList","@id":"https:\/\/pequebierzo.es\/tienda\/producto\/reloj-proyector\/#breadcrumb","itemListElement":[{"@type":"ListItem","position":1,"name":"Portada","item":"https:\/\/pequebierzo.es\/tienda\/"},{"@type":"ListItem","position":2,"name":"T2","item":"https:\/\/pequebierzo.es\/tienda\/t2\/"},{"@type":"ListItem","position":3,"name":"Reloj proyector despertador: un regalo diferente y \u00fatil para su habitaci\u00f3n"}]},{"@type":"WebSite","@id":"https:\/\/pequebierzo.es\/tienda\/#website","url":"https:\/\/pequebierzo.es\/tienda\/","name":"Peque Bierzo","description":"La agenda de ocio infantil del Bierzo","publisher":{"@id":"https:\/\/pequebierzo.es\/tienda\/#organization"},"potentialAction":[{"@type":"SearchAction","target":{"@type":"EntryPoint","urlTemplate":"https:\/\/pequebierzo.es\/tienda\/?s={search_term_string}"},"query-input":{"@type":"PropertyValueSpecification","valueRequired":true,"valueName":"search_term_string"}}],"inLanguage":"es"},{"@type":"Organization","@id":"https:\/\/pequebierzo.es\/tienda\/#organization","name":"Peque Bierzo","url":"https:\/\/pequebierzo.es\/tienda\/","logo":{"@type":"ImageObject","inLanguage":"es","@id":"https:\/\/pequebierzo.es\/tienda\/#\/schema\/logo\/image\/","url":"https:\/\/pequebierzo.es\/tienda\/wp-content\/uploads\/2021\/09\/logo-pequebierzo1.png","contentUrl":"https:\/\/pequebierzo.es\/tienda\/wp-content\/uploads\/2021\/09\/logo-pequebierzo1.png","width":200,"height":98,"caption":"Peque Bierzo"},"image":{"@id":"https:\/\/pequebierzo.es\/tienda\/#\/schema\/logo\/image\/"}}]}},"_links":{"self":[{"href":"https:\/\/pequebierzo.es\/tienda\/wp-json\/wp\/v2\/product\/7122","targetHints":{"allow":["GET"]}}],"collection":[{"href":"https:\/\/pequebierzo.es\/tienda\/wp-json\/wp\/v2\/product"}],"about":[{"href":"https:\/\/pequebierzo.es\/tienda\/wp-json\/wp\/v2\/types\/product"}],"replies":[{"embeddable":true,"href":"https:\/\/pequebierzo.es\/tienda\/wp-json\/wp\/v2\/comments?post=7122"}],"version-history":[{"count":8,"href":"https:\/\/pequebierzo.es\/tienda\/wp-json\/wp\/v2\/product\/7122\/revisions"}],"predecessor-version":[{"id":8258,"href":"https:\/\/pequebierzo.es\/tienda\/wp-json\/wp\/v2\/product\/7122\/revisions\/8258"}],"wp:featuredmedia":[{"embeddable":true,"href":"https:\/\/pequebierzo.es\/tienda\/wp-json\/wp\/v2\/media\/7123"}],"wp:attachment":[{"href":"https:\/\/pequebierzo.es\/tienda\/wp-json\/wp\/v2\/media?parent=7122"}],"wp:term":[{"taxonomy":"product_brand","embeddable":true,"href":"https:\/\/pequebierzo.es\/tienda\/wp-json\/wp\/v2\/product_brand?post=7122"},{"taxonomy":"product_cat","embeddable":true,"href":"https:\/\/pequebierzo.es\/tienda\/wp-json\/wp\/v2\/product_cat?post=7122"},{"taxonomy":"product_tag","embeddable":true,"href":"https:\/\/pequebierzo.es\/tienda\/wp-json\/wp\/v2\/product_tag?post=7122"}],"curies":[{"name":"wp","href":"https:\/\/api.w.org\/{rel}","templated":true}]}}